Last updated on 2022-08-15 08:50:07 CEST.
Flavor | Version | Tinstall | Tcheck | Ttotal | Status | Flags |
---|---|---|---|---|---|---|
r-devel-linux-x86_64-debian-clang | 1.1 | 2.93 | 29.52 | 32.45 | NOTE | |
r-devel-linux-x86_64-debian-gcc | 1.1 | 1.81 | 23.23 | 25.04 | NOTE | |
r-devel-linux-x86_64-fedora-clang | 1.1 | 48.95 | NOTE | |||
r-devel-linux-x86_64-fedora-gcc | 1.1 | 48.13 | NOTE | |||
r-devel-windows-x86_64 | 1.1 | 12.00 | 52.00 | 64.00 | NOTE | |
r-patched-linux-x86_64 | 1.1 | 3.22 | 28.59 | 31.81 | NOTE | |
r-release-linux-x86_64 | 1.1 | 2.90 | 28.13 | 31.03 | NOTE | |
r-release-macos-arm64 | 1.1 | 14.00 | NOTE | |||
r-release-macos-x86_64 | 1.1 | 25.00 | NOTE | |||
r-release-windows-x86_64 | 1.1 | 19.00 | 53.00 | 72.00 | NOTE | |
r-oldrel-macos-arm64 | 1.1 | 19.00 | NOTE | |||
r-oldrel-macos-x86_64 | 1.1 | 26.00 | NOTE | |||
r-oldrel-windows-ix86+x86_64 | 1.1 | 7.00 | 46.00 | 53.00 | NOTE |
Version: 1.1
Check: LazyData
Result: NOTE
'LazyData' is specified without a 'data' directory
Flavors: r-devel-linux-x86_64-debian-clang, r-devel-linux-x86_64-debian-gcc, r-devel-linux-x86_64-fedora-clang, r-devel-linux-x86_64-fedora-gcc, r-devel-windows-x86_64, r-patched-linux-x86_64, r-release-linux-x86_64, r-release-macos-arm64, r-release-macos-x86_64, r-release-windows-x86_64, r-oldrel-macos-arm64, r-oldrel-macos-x86_64, r-oldrel-windows-ix86+x86_64