Last updated on 2022-08-15 08:50:07 CEST.
Flavor | Version | Tinstall | Tcheck | Ttotal | Status | Flags |
---|---|---|---|---|---|---|
r-devel-linux-x86_64-debian-clang | 1.2.1 | 40.97 | 188.36 | 229.33 | OK | |
r-devel-linux-x86_64-debian-gcc | 1.2.1 | 32.64 | 142.59 | 175.23 | OK | |
r-devel-linux-x86_64-fedora-clang | 1.2.1 | 288.27 | OK | |||
r-devel-linux-x86_64-fedora-gcc | 1.2.1 | 317.18 | OK | |||
r-devel-windows-x86_64 | 1.2.1 | 76.00 | 204.00 | 280.00 | OK | |
r-patched-linux-x86_64 | 1.2.1 | 45.02 | 182.01 | 227.03 | OK | |
r-release-linux-x86_64 | 1.2.1 | 35.28 | 179.92 | 215.20 | OK | |
r-release-macos-arm64 | 1.2.1 | 73.00 | NOTE | |||
r-release-macos-x86_64 | 1.2.1 | 126.00 | OK | |||
r-release-windows-x86_64 | 1.2.1 | 82.00 | 211.00 | 293.00 | OK | |
r-oldrel-macos-arm64 | 1.2.1 | 83.00 | OK | |||
r-oldrel-macos-x86_64 | 1.2.1 | 96.00 | OK | |||
r-oldrel-windows-ix86+x86_64 | 1.2.1 | 71.00 | 202.00 | 273.00 | OK |
Version: 1.2.1
Check: package dependencies
Result: NOTE
Package suggested but not available for checking: ‘RobLox’
Flavor: r-release-macos-arm64
Version: 1.2.1
Check: Rd cross-references
Result: NOTE
Package unavailable to check Rd xrefs: ‘RobLox’
Flavor: r-release-macos-arm64