Last updated on 2022-08-15 08:50:07 CEST.
Flavor | Version | Tinstall | Tcheck | Ttotal | Status | Flags |
---|---|---|---|---|---|---|
r-devel-linux-x86_64-debian-clang | 1.0 | 3.43 | 30.35 | 33.78 | NOTE | |
r-devel-linux-x86_64-debian-gcc | 1.0 | 2.84 | 23.36 | 26.20 | NOTE | |
r-devel-linux-x86_64-fedora-clang | 1.0 | 52.81 | NOTE | |||
r-devel-linux-x86_64-fedora-gcc | 1.0 | 51.12 | NOTE | |||
r-devel-windows-x86_64 | 1.0 | 13.00 | 50.00 | 63.00 | OK | |
r-patched-linux-x86_64 | 1.0 | 3.00 | 29.37 | 32.37 | NOTE | |
r-release-linux-x86_64 | 1.0 | 4.07 | 30.15 | 34.22 | NOTE | |
r-release-macos-arm64 | 1.0 | 15.00 | OK | |||
r-release-macos-x86_64 | 1.0 | 24.00 | OK | |||
r-release-windows-x86_64 | 1.0 | 8.00 | 48.00 | 56.00 | OK | |
r-oldrel-macos-arm64 | 1.0 | 24.00 | OK | |||
r-oldrel-macos-x86_64 | 1.0 | 31.00 | OK | |||
r-oldrel-windows-ix86+x86_64 | 1.0 | 7.00 | 42.00 | 49.00 | OK |
Version: 1.0
Check: for non-standard things in the check directory
Result: NOTE
Found the following files/directories:
'test.bpl' 'test.cr' 'test.ct'
Flavors: r-devel-linux-x86_64-debian-clang, r-devel-linux-x86_64-debian-gcc, r-devel-linux-x86_64-fedora-clang, r-devel-linux-x86_64-fedora-gcc, r-patched-linux-x86_64, r-release-linux-x86_64