Last updated on 2022-08-15 08:50:07 CEST.
Flavor | Version | Tinstall | Tcheck | Ttotal | Status | Flags |
---|---|---|---|---|---|---|
r-devel-linux-x86_64-debian-clang | 1.0.1 | 2.09 | 31.67 | 33.76 | OK | |
r-devel-linux-x86_64-debian-gcc | 1.0.1 | 2.18 | 23.82 | 26.00 | OK | |
r-devel-linux-x86_64-fedora-clang | 1.0.1 | 52.18 | NOTE | |||
r-devel-linux-x86_64-fedora-gcc | 1.0.1 | 50.23 | NOTE | |||
r-devel-windows-x86_64 | 1.0.1 | 12.00 | 56.00 | 68.00 | OK | |
r-patched-linux-x86_64 | 1.0.1 | 2.31 | 30.70 | 33.01 | OK | |
r-release-linux-x86_64 | 1.0.1 | 2.00 | 30.74 | 32.74 | OK | |
r-release-macos-arm64 | 1.0.1 | 20.00 | NOTE | |||
r-release-macos-x86_64 | 1.0.1 | 28.00 | NOTE | |||
r-release-windows-x86_64 | 1.0.1 | 12.00 | 55.00 | 67.00 | OK | |
r-oldrel-macos-arm64 | 1.0.1 | 16.00 | NOTE | |||
r-oldrel-macos-x86_64 | 1.0.1 | 24.00 | NOTE | |||
r-oldrel-windows-ix86+x86_64 | 1.0.1 | 7.00 | 52.00 | 59.00 | OK |
Version: 1.0.1
Check: dependencies in R code
Result: NOTE
Namespaces in Imports field not imported from:
‘keys’ ‘shinyWidgets’ ‘testthat’
All declared Imports should be used.
Flavors: r-devel-linux-x86_64-fedora-clang, r-devel-linux-x86_64-fedora-gcc, r-release-macos-arm64, r-release-macos-x86_64, r-oldrel-macos-arm64, r-oldrel-macos-x86_64