Last updated on 2022-08-15 08:50:07 CEST.
Flavor | Version | Tinstall | Tcheck | Ttotal | Status | Flags |
---|---|---|---|---|---|---|
r-devel-linux-x86_64-debian-clang | 2.4.2 | 6.62 | 43.69 | 50.31 | OK | |
r-devel-linux-x86_64-debian-gcc | 2.4.2 | 4.62 | 33.72 | 38.34 | OK | |
r-devel-linux-x86_64-fedora-clang | 2.4.2 | 71.30 | NOTE | |||
r-devel-linux-x86_64-fedora-gcc | 2.4.2 | 70.31 | NOTE | |||
r-devel-windows-x86_64 | 2.4.2 | 13.00 | 70.00 | 83.00 | OK | |
r-patched-linux-x86_64 | 2.4.2 | 4.57 | 42.17 | 46.74 | OK | |
r-release-linux-x86_64 | 2.4.2 | 4.21 | 42.52 | 46.73 | OK | |
r-release-macos-arm64 | 2.4.2 | 23.00 | OK | |||
r-release-macos-x86_64 | 2.4.2 | 33.00 | OK | |||
r-release-windows-x86_64 | 2.4.2 | 16.00 | 68.00 | 84.00 | OK | |
r-oldrel-macos-arm64 | 2.4.2 | 28.00 | OK | |||
r-oldrel-macos-x86_64 | 2.4.2 | 41.00 | OK | |||
r-oldrel-windows-ix86+x86_64 | 2.4.2 | 15.00 | 82.00 | 97.00 | OK |
Version: 2.4.2
Check: compiled code
Result: NOTE
File ‘RSKC/libs/RSKC.so’:
Found no calls to: ‘R_registerRoutines’, ‘R_useDynamicSymbols’
It is good practice to register native routines and to disable symbol
search.
See ‘Writing portable packages’ in the ‘Writing R Extensions’ manual.
Flavors: r-devel-linux-x86_64-fedora-clang, r-devel-linux-x86_64-fedora-gcc