Last updated on 2022-08-15 08:50:07 CEST.
Flavor | Version | Tinstall | Tcheck | Ttotal | Status | Flags |
---|---|---|---|---|---|---|
r-devel-linux-x86_64-debian-clang | 0.4-14 | 81.24 | 57.16 | 138.40 | OK | |
r-devel-linux-x86_64-debian-gcc | 0.4-14 | 67.96 | 43.38 | 111.34 | OK | |
r-devel-linux-x86_64-fedora-clang | 0.4-14 | 239.45 | OK | |||
r-devel-linux-x86_64-fedora-gcc | 0.4-14 | 190.58 | OK | |||
r-devel-windows-x86_64 | 0.4-14 | 130.00 | 111.00 | 241.00 | OK | |
r-patched-linux-x86_64 | 0.4-14 | 72.86 | 52.63 | 125.49 | OK | |
r-release-linux-x86_64 | 0.4-14 | 71.48 | 53.28 | 124.76 | OK | |
r-release-macos-arm64 | 0.4-14 | 56.00 | NOTE | |||
r-release-macos-x86_64 | 0.4-14 | 72.00 | NOTE | |||
r-release-windows-x86_64 | 0.4-14 | 136.00 | 107.00 | 243.00 | OK | |
r-oldrel-macos-arm64 | 0.4-14 | 65.00 | NOTE | |||
r-oldrel-macos-x86_64 | 0.4-14 | 78.00 | NOTE | |||
r-oldrel-windows-ix86+x86_64 | 0.4-14 | 222.00 | 117.00 | 339.00 | OK |
Version: 0.4-14
Check: installed package size
Result: NOTE
installed size is 7.2Mb
sub-directories of 1Mb or more:
libs 6.2Mb
Flavors: r-release-macos-arm64, r-release-macos-x86_64, r-oldrel-macos-arm64, r-oldrel-macos-x86_64