Last updated on 2022-08-15 08:50:07 CEST.
Flavor | Version | Tinstall | Tcheck | Ttotal | Status | Flags |
---|---|---|---|---|---|---|
r-devel-linux-x86_64-debian-clang | 0.7-8 | 4.26 | 22.04 | 26.30 | WARN | |
r-devel-linux-x86_64-debian-gcc | 0.7-8 | 2.89 | 17.51 | 20.40 | WARN | |
r-devel-linux-x86_64-fedora-clang | 0.7-8 | 43.39 | OK | |||
r-devel-linux-x86_64-fedora-gcc | 0.7-8 | 42.38 | OK | |||
r-devel-windows-x86_64 | 0.7-8 | 19.00 | 71.00 | 90.00 | OK | |
r-patched-linux-x86_64 | 0.7-8 | 3.55 | 22.14 | 25.69 | WARN | |
r-release-linux-x86_64 | 0.7-8 | 3.57 | 21.77 | 25.34 | WARN | |
r-release-macos-arm64 | 0.7-8 | 16.00 | OK | |||
r-release-macos-x86_64 | 0.7-8 | 21.00 | OK | |||
r-release-windows-x86_64 | 0.7-8 | 13.00 | 69.00 | 82.00 | OK | |
r-oldrel-macos-arm64 | 0.7-8 | 14.00 | OK | |||
r-oldrel-macos-x86_64 | 0.7-8 | 21.00 | OK | |||
r-oldrel-windows-ix86+x86_64 | 0.7-8 | 16.00 | 57.00 | 73.00 | NOTE |
Version: 0.7-8
Check: whether package can be installed
Result: WARN
Found the following significant warnings:
cli.c:1152:19: warning: 'RSA_size' is deprecated [-Wdeprecated-declarations]
cli.c:1152:42: warning: 'RSA_size' is deprecated [-Wdeprecated-declarations]
cli.c:1153:11: warning: 'RSA_public_encrypt' is deprecated [-Wdeprecated-declarations]
cli.c:1194:11: warning: 'd2i_RSAPublicKey' is deprecated [-Wdeprecated-declarations]
Flavor: r-devel-linux-x86_64-debian-clang
Version: 0.7-8
Check: whether package can be installed
Result: WARN
Found the following significant warnings:
cli.c:1152:9: warning: ‘RSA_size’ is deprecated: Since OpenSSL 3.0 [-Wdeprecated-declarations]
cli.c:1153:9: warning: ‘RSA_public_encrypt’ is deprecated: Since OpenSSL 3.0 [-Wdeprecated-declarations]
cli.c:1194:5: warning: ‘d2i_RSAPublicKey’ is deprecated: Since OpenSSL 3.0 [-Wdeprecated-declarations]
Flavors: r-devel-linux-x86_64-debian-gcc, r-patched-linux-x86_64, r-release-linux-x86_64
Version: 0.7-8
Check: installed package size
Result: NOTE
installed size is 5.6Mb
sub-directories of 1Mb or more:
libs 5.5Mb
Flavor: r-oldrel-windows-ix86+x86_64