Last updated on 2022-08-15 08:50:07 CEST.
Flavor | Version | Tinstall | Tcheck | Ttotal | Status | Flags |
---|---|---|---|---|---|---|
r-devel-linux-x86_64-debian-clang | 0.3.0 | 174.71 | 595.19 | 769.90 | OK | |
r-devel-linux-x86_64-debian-gcc | 0.3.0 | 133.17 | 433.62 | 566.79 | OK | |
r-devel-linux-x86_64-fedora-clang | 0.3.0 | 936.37 | NOTE | |||
r-devel-linux-x86_64-fedora-gcc | 0.3.0 | 977.44 | NOTE | |||
r-devel-windows-x86_64 | 0.3.0 | 191.00 | 619.00 | 810.00 | OK | |
r-patched-linux-x86_64 | 0.3.0 | 133.85 | 562.22 | 696.07 | OK | |
r-release-linux-x86_64 | 0.3.0 | 105.76 | 563.22 | 668.98 | OK | |
r-release-macos-arm64 | 0.3.0 | 216.00 | NOTE | |||
r-release-macos-x86_64 | 0.3.0 | 370.00 | NOTE | |||
r-release-windows-x86_64 | 0.3.0 | 212.00 | 625.00 | 837.00 | OK | |
r-oldrel-macos-arm64 | 0.3.0 | 173.00 | NOTE | |||
r-oldrel-macos-x86_64 | 0.3.0 | 275.00 | NOTE | |||
r-oldrel-windows-ix86+x86_64 | 0.3.0 | 385.00 | 1004.00 | 1389.00 | OK |
Version: 0.3.0
Check: dependencies in R code
Result: NOTE
Namespace in Imports field not imported from: ‘rgdal’
All declared Imports should be used.
Flavors: r-devel-linux-x86_64-fedora-clang, r-devel-linux-x86_64-fedora-gcc, r-release-macos-arm64, r-release-macos-x86_64, r-oldrel-macos-arm64, r-oldrel-macos-x86_64
Version: 0.3.0
Check: installed package size
Result: NOTE
installed size is 5.5Mb
sub-directories of 1Mb or more:
libs 4.0Mb
Flavors: r-release-macos-arm64, r-release-macos-x86_64, r-oldrel-macos-arm64, r-oldrel-macos-x86_64