Last updated on 2022-08-15 08:50:07 CEST.
Flavor | Version | Tinstall | Tcheck | Ttotal | Status | Flags |
---|---|---|---|---|---|---|
r-devel-linux-x86_64-debian-clang | 1.99.0 | 23.82 | 231.29 | 255.11 | OK | |
r-devel-linux-x86_64-debian-gcc | 1.99.0 | 17.39 | 170.53 | 187.92 | OK | |
r-devel-linux-x86_64-fedora-clang | 1.99.0 | 313.53 | OK | |||
r-devel-linux-x86_64-fedora-gcc | 1.99.0 | 323.16 | OK | |||
r-devel-windows-x86_64 | 1.99.0 | 30.00 | 233.00 | 263.00 | OK | |
r-patched-linux-x86_64 | 1.99.0 | 20.54 | 215.83 | 236.37 | OK | |
r-release-linux-x86_64 | 1.99.0 | 21.71 | 217.74 | 239.45 | OK | |
r-release-macos-arm64 | 1.99.0 | 79.00 | NOTE | |||
r-release-macos-x86_64 | 1.99.0 | 148.00 | OK | |||
r-release-windows-x86_64 | 1.99.0 | 31.00 | 235.00 | 266.00 | OK | |
r-oldrel-macos-arm64 | 1.99.0 | 78.00 | OK | |||
r-oldrel-macos-x86_64 | 1.99.0 | 108.00 | OK | |||
r-oldrel-windows-ix86+x86_64 | 1.99.0 | 51.00 | 232.00 | 283.00 | OK |
Version: 1.99.0
Check: package dependencies
Result: NOTE
Packages suggested but not available for checking: 'Gviz', 'rtracklayer'
Flavor: r-release-macos-arm64