Last updated on 2022-08-15 08:50:07 CEST.
Flavor | Version | Tinstall | Tcheck | Ttotal | Status | Flags |
---|---|---|---|---|---|---|
r-devel-linux-x86_64-debian-clang | 0.1.3 | 4.68 | 36.93 | 41.61 | NOTE | |
r-devel-linux-x86_64-debian-gcc | 0.1.3 | 3.45 | 28.01 | 31.46 | NOTE | |
r-devel-linux-x86_64-fedora-clang | 0.1.3 | 60.78 | NOTE | |||
r-devel-linux-x86_64-fedora-gcc | 0.1.3 | 58.64 | NOTE | |||
r-devel-windows-x86_64 | 0.1.3 | 23.00 | 61.00 | 84.00 | NOTE | |
r-patched-linux-x86_64 | 0.1.3 | 4.95 | 35.35 | 40.30 | OK | |
r-release-linux-x86_64 | 0.1.3 | 4.98 | 35.44 | 40.42 | OK | |
r-release-macos-arm64 | 0.1.3 | 19.00 | OK | |||
r-release-macos-x86_64 | 0.1.3 | 29.00 | OK | |||
r-release-windows-x86_64 | 0.1.3 | 25.00 | 63.00 | 88.00 | OK | |
r-oldrel-macos-arm64 | 0.1.3 | 17.00 | OK | |||
r-oldrel-macos-x86_64 | 0.1.3 | 28.00 | OK | |||
r-oldrel-windows-ix86+x86_64 | 0.1.3 | 12.00 | 53.00 | 65.00 | OK |
Version: 0.1.3
Check: package subdirectories
Result: NOTE
Problems with news in 'NEWS.md':
No news entries found.
Flavors: r-devel-linux-x86_64-debian-clang, r-devel-linux-x86_64-debian-gcc, r-devel-linux-x86_64-fedora-clang, r-devel-linux-x86_64-fedora-gcc, r-devel-windows-x86_64