Last updated on 2022-08-15 08:50:07 CEST.
Flavor | Version | Tinstall | Tcheck | Ttotal | Status | Flags |
---|---|---|---|---|---|---|
r-devel-linux-x86_64-debian-clang | 1.1.0 | 4.82 | 60.67 | 65.49 | NOTE | |
r-devel-linux-x86_64-debian-gcc | 1.1.0 | 3.30 | 45.34 | 48.64 | NOTE | |
r-devel-linux-x86_64-fedora-clang | 1.1.0 | 88.05 | NOTE | |||
r-devel-linux-x86_64-fedora-gcc | 1.1.0 | 86.11 | NOTE | |||
r-devel-windows-x86_64 | 1.1.0 | 14.00 | 84.00 | 98.00 | NOTE | |
r-patched-linux-x86_64 | 1.1.0 | 4.97 | 58.70 | 63.67 | NOTE | |
r-release-linux-x86_64 | 1.1.0 | 4.40 | 56.18 | 60.58 | NOTE | |
r-release-macos-arm64 | 1.1.0 | 27.00 | NOTE | |||
r-release-macos-x86_64 | 1.1.0 | 58.00 | NOTE | |||
r-release-windows-x86_64 | 1.1.0 | 15.00 | 86.00 | 101.00 | NOTE | |
r-oldrel-macos-arm64 | 1.1.0 | 36.00 | NOTE | |||
r-oldrel-macos-x86_64 | 1.1.0 | 46.00 | NOTE | |||
r-oldrel-windows-ix86+x86_64 | 1.1.0 | 10.00 | 76.00 | 86.00 | NOTE |
Version: 1.1.0
Check: LazyData
Result: NOTE
'LazyData' is specified without a 'data' directory
Flavors: r-devel-linux-x86_64-debian-clang, r-devel-linux-x86_64-debian-gcc, r-devel-linux-x86_64-fedora-clang, r-devel-linux-x86_64-fedora-gcc, r-devel-windows-x86_64, r-patched-linux-x86_64, r-release-linux-x86_64, r-release-macos-arm64, r-release-macos-x86_64, r-release-windows-x86_64, r-oldrel-macos-arm64, r-oldrel-macos-x86_64, r-oldrel-windows-ix86+x86_64