Last updated on 2022-08-15 08:50:07 CEST.
Flavor | Version | Tinstall | Tcheck | Ttotal | Status | Flags |
---|---|---|---|---|---|---|
r-devel-linux-x86_64-debian-clang | 1.7.1.8 | 1.54 | 13.90 | 15.44 | NOTE | |
r-devel-linux-x86_64-debian-gcc | 1.7.1.8 | 1.82 | 10.88 | 12.70 | NOTE | |
r-devel-linux-x86_64-fedora-clang | 1.7.1.8 | 31.63 | NOTE | |||
r-devel-linux-x86_64-fedora-gcc | 1.7.1.8 | 31.81 | NOTE | |||
r-devel-windows-x86_64 | 1.7.1.8 | 401.00 | 47.00 | 448.00 | NOTE | |
r-patched-linux-x86_64 | 1.7.1.8 | 1.86 | 13.99 | 15.85 | NOTE | |
r-release-linux-x86_64 | 1.7.1.8 | 2.24 | 13.73 | 15.97 | NOTE | |
r-release-macos-arm64 | 1.7.1.8 | 11.00 | NOTE | |||
r-release-macos-x86_64 | 1.7.1.8 | 16.00 | NOTE | |||
r-release-windows-x86_64 | 1.7.1.8 | 18.00 | 40.00 | 58.00 | NOTE | |
r-oldrel-macos-arm64 | 1.7.1.8 | 15.00 | NOTE | |||
r-oldrel-macos-x86_64 | 1.7.1.8 | 23.00 | NOTE | |||
r-oldrel-windows-ix86+x86_64 | 1.7.1.8 | 6.00 | 28.00 | 34.00 | NOTE |
Version: 1.7.1.8
Check: package dependencies
Result: NOTE
Package suggested but not available for checking: 'gpuR'
Flavors: r-devel-linux-x86_64-debian-clang, r-devel-linux-x86_64-debian-gcc, r-devel-linux-x86_64-fedora-clang, r-devel-linux-x86_64-fedora-gcc, r-devel-windows-x86_64, r-patched-linux-x86_64, r-release-linux-x86_64, r-release-macos-arm64, r-release-macos-x86_64, r-release-windows-x86_64, r-oldrel-macos-arm64, r-oldrel-macos-x86_64, r-oldrel-windows-ix86+x86_64
Version: 1.7.1.8
Check: installed package size
Result: NOTE
installed size is 5.3Mb
sub-directories of 1Mb or more:
include 5.3Mb
Flavors: r-devel-linux-x86_64-fedora-clang, r-devel-windows-x86_64, r-release-macos-arm64, r-release-macos-x86_64, r-release-windows-x86_64, r-oldrel-macos-arm64, r-oldrel-macos-x86_64, r-oldrel-windows-ix86+x86_64