Last updated on 2022-08-15 08:50:07 CEST.
Flavor | Version | Tinstall | Tcheck | Ttotal | Status | Flags |
---|---|---|---|---|---|---|
r-devel-linux-x86_64-debian-clang | 0.0.16 | 246.97 | 29.98 | 276.95 | NOTE | |
r-devel-linux-x86_64-debian-gcc | 0.0.16 | 179.07 | 23.76 | 202.83 | NOTE | |
r-devel-linux-x86_64-fedora-clang | 0.0.16 | 436.91 | NOTE | |||
r-devel-linux-x86_64-fedora-gcc | 0.0.16 | 365.92 | NOTE | |||
r-patched-linux-x86_64 | 0.0.16 | 198.83 | 29.60 | 228.43 | NOTE | |
r-release-linux-x86_64 | 0.0.16 | 192.61 | 30.15 | 222.76 | NOTE | |
r-release-macos-arm64 | 0.0.16 | 8.00 | ERROR | |||
r-release-macos-x86_64 | 0.0.16 | 138.00 | WARN | |||
r-oldrel-macos-arm64 | 0.0.16 | 12.00 | ERROR | |||
r-oldrel-macos-x86_64 | 0.0.16 | 130.00 | WARN |
Version: 0.0.16
Check: whether package can be installed
Result: NOTE
Found the following notes/warnings:
Non-staged installation was used
Flavors: r-devel-linux-x86_64-debian-clang, r-devel-linux-x86_64-debian-gcc, r-devel-linux-x86_64-fedora-clang, r-devel-linux-x86_64-fedora-gcc, r-patched-linux-x86_64, r-release-linux-x86_64
Version: 0.0.16
Check: installed package size
Result: NOTE
installed size is 5.2Mb
sub-directories of 1Mb or more:
test 4.5Mb
Flavors: r-devel-linux-x86_64-fedora-clang, r-release-macos-x86_64, r-oldrel-macos-x86_64
Version: 0.0.16
Check: whether package can be installed
Result: ERROR
Installation failed.
Flavors: r-release-macos-arm64, r-oldrel-macos-arm64
Version: 0.0.16
Check: whether package can be installed
Result: WARN
Found the following significant warnings:
parser.cc:302:11: warning: 'daemon' is deprecated: first deprecated in macOS 10.5 - Use posix_spawn APIs instead. [-Wdeprecated-declarations]
Found the following additional notes/warnings:
Non-staged installation was used
Flavors: r-release-macos-x86_64, r-oldrel-macos-x86_64