Last updated on 2022-08-15 08:50:07 CEST.
Flavor | Version | Tinstall | Tcheck | Ttotal | Status | Flags |
---|---|---|---|---|---|---|
r-devel-linux-x86_64-debian-clang | 3.9.3-2 | 5.49 | 28.78 | 34.27 | OK | |
r-devel-linux-x86_64-debian-gcc | 3.9.3-2 | 3.83 | 21.45 | 25.28 | OK | |
r-devel-linux-x86_64-fedora-clang | 3.9.3-2 | 49.48 | NOTE | |||
r-devel-linux-x86_64-fedora-gcc | 3.9.3-2 | 49.13 | OK | |||
r-devel-windows-x86_64 | 3.9.3-2 | 10.00 | 41.00 | 51.00 | NOTE | |
r-patched-linux-x86_64 | 3.9.3-2 | 4.35 | 27.60 | 31.95 | OK | |
r-release-linux-x86_64 | 3.9.3-2 | 3.60 | 28.08 | 31.68 | OK | |
r-release-macos-arm64 | 3.9.3-2 | 16.00 | NOTE | |||
r-release-macos-x86_64 | 3.9.3-2 | 25.00 | NOTE | |||
r-release-windows-x86_64 | 3.9.3-2 | 7.00 | 44.00 | 51.00 | NOTE | |
r-oldrel-macos-arm64 | 3.9.3-2 | 25.00 | NOTE | |||
r-oldrel-macos-x86_64 | 3.9.3-2 | 30.00 | NOTE | |||
r-oldrel-windows-ix86+x86_64 | 3.9.3-2 | 9.00 | 41.00 | 50.00 | NOTE |
Version: 3.9.3-2
Check: installed package size
Result: NOTE
installed size is 10.8Mb
sub-directories of 1Mb or more:
java 10.7Mb
Flavors: r-devel-linux-x86_64-fedora-clang, r-devel-windows-x86_64, r-release-macos-arm64, r-release-macos-x86_64, r-release-windows-x86_64, r-oldrel-macos-arm64, r-oldrel-macos-x86_64, r-oldrel-windows-ix86+x86_64