Last updated on 2022-08-15 08:50:07 CEST.
Flavor | Version | Tinstall | Tcheck | Ttotal | Status | Flags |
---|---|---|---|---|---|---|
r-devel-linux-x86_64-debian-clang | 0.9.3 | 10.70 | 110.54 | 121.24 | OK | |
r-devel-linux-x86_64-debian-gcc | 0.9.3 | 8.27 | 80.79 | 89.06 | OK | |
r-devel-linux-x86_64-fedora-clang | 0.9.3 | 149.91 | NOTE | |||
r-devel-linux-x86_64-fedora-gcc | 0.9.3 | 155.32 | NOTE | |||
r-devel-windows-x86_64 | 0.9.3 | 27.00 | 130.00 | 157.00 | OK | |
r-patched-linux-x86_64 | 0.9.3 | 8.35 | 101.59 | 109.94 | OK | |
r-release-linux-x86_64 | 0.9.3 | 10.32 | 102.43 | 112.75 | OK | |
r-release-macos-arm64 | 0.9.3 | 43.00 | NOTE | |||
r-release-macos-x86_64 | 0.9.3 | 76.00 | NOTE | |||
r-release-windows-x86_64 | 0.9.3 | 32.00 | 134.00 | 166.00 | OK | |
r-oldrel-macos-arm64 | 0.9.3 | 48.00 | NOTE | |||
r-oldrel-macos-x86_64 | 0.9.3 | 65.00 | NOTE | |||
r-oldrel-windows-ix86+x86_64 | 0.9.3 | 25.00 | 129.00 | 154.00 | OK |
Version: 0.9.3
Check: data for non-ASCII characters
Result: NOTE
Note: found 6 marked UTF-8 strings
Flavors: r-devel-linux-x86_64-fedora-clang, r-devel-linux-x86_64-fedora-gcc, r-release-macos-arm64, r-release-macos-x86_64, r-oldrel-macos-arm64, r-oldrel-macos-x86_64