Last updated on 2022-08-15 08:50:07 CEST.
Flavor | Version | Tinstall | Tcheck | Ttotal | Status | Flags |
---|---|---|---|---|---|---|
r-devel-linux-x86_64-debian-clang | 0.2.1 | 94.31 | 29.02 | 123.33 | OK | |
r-devel-linux-x86_64-debian-gcc | 0.2.1 | 79.21 | 23.72 | 102.93 | OK | |
r-devel-linux-x86_64-fedora-clang | 0.2.1 | 197.89 | OK | |||
r-devel-linux-x86_64-fedora-gcc | 0.2.1 | 180.58 | OK | |||
r-devel-windows-x86_64 | 0.2.1 | 78.00 | 75.00 | 153.00 | OK | |
r-patched-linux-x86_64 | 0.2.1 | 76.64 | 29.33 | 105.97 | OK | |
r-release-linux-x86_64 | 0.2.1 | 84.34 | 29.34 | 113.68 | OK | |
r-release-macos-arm64 | 0.2.1 | 48.00 | NOTE | |||
r-release-macos-x86_64 | 0.2.1 | 60.00 | NOTE | |||
r-release-windows-x86_64 | 0.2.1 | 87.00 | 76.00 | 163.00 | OK | |
r-oldrel-macos-arm64 | 0.2.1 | 54.00 | NOTE | |||
r-oldrel-macos-x86_64 | 0.2.1 | 85.00 | NOTE | |||
r-oldrel-windows-ix86+x86_64 | 0.2.1 | 243.00 | 85.00 | 328.00 | OK |
Version: 0.2.1
Check: installed package size
Result: NOTE
installed size is 16.1Mb
sub-directories of 1Mb or more:
libs 16.0Mb
Flavors: r-release-macos-arm64, r-release-macos-x86_64, r-oldrel-macos-arm64, r-oldrel-macos-x86_64