Last updated on 2022-08-15 08:50:07 CEST.
Flavor | Version | Tinstall | Tcheck | Ttotal | Status | Flags |
---|---|---|---|---|---|---|
r-devel-linux-x86_64-debian-clang | 0.3.1 | 13.25 | 89.04 | 102.29 | OK | |
r-devel-linux-x86_64-debian-gcc | 0.3.1 | 7.84 | 66.92 | 74.76 | OK | |
r-devel-linux-x86_64-fedora-clang | 0.3.1 | 130.91 | OK | |||
r-devel-linux-x86_64-fedora-gcc | 0.3.1 | 125.76 | OK | |||
r-devel-windows-x86_64 | 0.3.1 | 41.00 | 154.00 | 195.00 | OK | |
r-patched-linux-x86_64 | 0.3.1 | 10.06 | 84.31 | 94.37 | OK | |
r-release-linux-x86_64 | 0.3.1 | 9.00 | 84.69 | 93.69 | OK | |
r-release-macos-arm64 | 0.3.1 | 44.00 | OK | |||
r-release-macos-x86_64 | 0.3.1 | 52.00 | OK | |||
r-release-windows-x86_64 | 0.3.1 | 36.00 | 158.00 | 194.00 | OK | |
r-oldrel-macos-arm64 | 0.3.1 | 45.00 | OK | |||
r-oldrel-macos-x86_64 | 0.3.1 | 60.00 | OK | |||
r-oldrel-windows-ix86+x86_64 | 0.3.1 | 31.00 | 210.00 | 241.00 | NOTE |
Version: 0.3.1
Check: installed package size
Result: NOTE
installed size is 5.0Mb
sub-directories of 1Mb or more:
exdata 2.4Mb
Flavor: r-oldrel-windows-ix86+x86_64