Last updated on 2022-08-15 08:50:05 CEST.
Flavor | Version | Tinstall | Tcheck | Ttotal | Status | Flags |
---|---|---|---|---|---|---|
r-devel-linux-x86_64-debian-clang | 0.2.4 | 46.01 | 616.13 | 662.14 | OK | |
r-devel-linux-x86_64-debian-gcc | 0.2.4 | 37.03 | 431.29 | 468.32 | OK | |
r-devel-linux-x86_64-fedora-clang | 0.2.4 | 786.13 | NOTE | |||
r-devel-linux-x86_64-fedora-gcc | 0.2.4 | 791.34 | OK | |||
r-devel-windows-x86_64 | 0.2.4 | 67.00 | 665.00 | 732.00 | NOTE | |
r-patched-linux-x86_64 | 0.2.4 | 35.80 | 600.86 | 636.66 | OK | |
r-release-linux-x86_64 | 0.2.4 | 39.67 | 585.09 | 624.76 | OK | |
r-release-macos-arm64 | 0.2.4 | 192.00 | NOTE | |||
r-release-macos-x86_64 | 0.2.4 | 288.00 | NOTE | |||
r-release-windows-x86_64 | 0.2.4 | 69.00 | 673.00 | 742.00 | NOTE | |
r-oldrel-macos-arm64 | 0.2.4 | 193.00 | NOTE | |||
r-oldrel-macos-x86_64 | 0.2.4 | 282.00 | NOTE | |||
r-oldrel-windows-ix86+x86_64 | 0.2.4 | 110.00 | 901.00 | 1011.00 | NOTE |
Version: 0.2.4
Check: package dependencies
Result: NOTE
Imports includes 22 non-default packages.
Importing from so many packages makes the package vulnerable to any of
them becoming unavailable. Move as many as possible to Suggests and
use conditionally.
Flavor: r-devel-linux-x86_64-fedora-clang
Version: 0.2.4
Check: installed package size
Result: NOTE
installed size is 8.8Mb
sub-directories of 1Mb or more:
data 2.1Mb
doc 5.9Mb
Flavors: r-devel-linux-x86_64-fedora-clang, r-devel-windows-x86_64, r-release-macos-arm64, r-release-macos-x86_64, r-release-windows-x86_64, r-oldrel-macos-arm64, r-oldrel-macos-x86_64, r-oldrel-windows-ix86+x86_64