Last updated on 2022-08-15 08:50:05 CEST.
Flavor | Version | Tinstall | Tcheck | Ttotal | Status | Flags |
---|---|---|---|---|---|---|
r-devel-linux-x86_64-debian-clang | 1.1.7 | 14.10 | 100.96 | 115.06 | OK | |
r-devel-linux-x86_64-debian-gcc | 1.1.7 | 11.30 | 71.84 | 83.14 | OK | |
r-devel-linux-x86_64-fedora-clang | 1.1.7 | 148.40 | NOTE | |||
r-devel-linux-x86_64-fedora-gcc | 1.1.7 | 157.15 | OK | |||
r-devel-windows-x86_64 | 1.1.7 | 38.00 | 141.00 | 179.00 | NOTE | |
r-patched-linux-x86_64 | 1.1.7 | 19.72 | 103.70 | 123.42 | OK | |
r-release-linux-x86_64 | 1.1.7 | 18.02 | 102.34 | 120.36 | OK | |
r-release-macos-arm64 | 1.1.7 | 57.00 | NOTE | |||
r-release-macos-x86_64 | 1.1.7 | 118.00 | NOTE | |||
r-release-windows-x86_64 | 1.1.7 | 49.00 | 140.00 | 189.00 | NOTE | |
r-oldrel-macos-arm64 | 1.1.7 | 47.00 | NOTE | |||
r-oldrel-macos-x86_64 | 1.1.7 | 118.00 | NOTE | |||
r-oldrel-windows-ix86+x86_64 | 1.1.7 | 24.00 | 133.00 | 157.00 | NOTE |
Version: 1.1.7
Check: installed package size
Result: NOTE
installed size is 5.2Mb
sub-directories of 1Mb or more:
data 2.3Mb
extdata 1.4Mb
Flavors: r-devel-linux-x86_64-fedora-clang, r-devel-windows-x86_64, r-release-macos-arm64, r-release-macos-x86_64, r-release-windows-x86_64, r-oldrel-macos-arm64, r-oldrel-macos-x86_64, r-oldrel-windows-ix86+x86_64