Last updated on 2022-08-15 08:50:05 CEST.
Flavor | Version | Tinstall | Tcheck | Ttotal | Status | Flags |
---|---|---|---|---|---|---|
r-devel-linux-x86_64-debian-clang | 0.2.0 | 3.09 | 28.06 | 31.15 | OK | |
r-devel-linux-x86_64-debian-gcc | 0.2.0 | 2.36 | 21.63 | 23.99 | OK | |
r-devel-linux-x86_64-fedora-clang | 0.2.0 | 48.17 | NOTE | |||
r-devel-linux-x86_64-fedora-gcc | 0.2.0 | 46.59 | NOTE | |||
r-devel-windows-x86_64 | 0.2.0 | 32.00 | 56.00 | 88.00 | OK | |
r-patched-linux-x86_64 | 0.2.0 | 2.91 | 27.50 | 30.41 | OK | |
r-release-linux-x86_64 | 0.2.0 | 1.93 | 26.53 | 28.46 | OK | |
r-release-macos-arm64 | 0.2.0 | 17.00 | NOTE | |||
r-release-macos-x86_64 | 0.2.0 | 23.00 | NOTE | |||
r-release-windows-x86_64 | 0.2.0 | 21.00 | 55.00 | 76.00 | OK | |
r-oldrel-macos-arm64 | 0.2.0 | 20.00 | NOTE | |||
r-oldrel-macos-x86_64 | 0.2.0 | 27.00 | NOTE | |||
r-oldrel-windows-ix86+x86_64 | 0.2.0 | 8.00 | 45.00 | 53.00 | OK |
Version: 0.2.0
Check: dependencies in R code
Result: NOTE
Namespace in Imports field not imported from: ‘knitr’
All declared Imports should be used.
Flavors: r-devel-linux-x86_64-fedora-clang, r-devel-linux-x86_64-fedora-gcc, r-release-macos-arm64, r-release-macos-x86_64, r-oldrel-macos-arm64, r-oldrel-macos-x86_64