Last updated on 2022-08-15 08:50:05 CEST.
Flavor | Version | Tinstall | Tcheck | Ttotal | Status | Flags |
---|---|---|---|---|---|---|
r-devel-linux-x86_64-debian-clang | 1.2.0 | 13.99 | 133.55 | 147.54 | OK | |
r-devel-linux-x86_64-debian-gcc | 1.2.0 | 10.53 | 101.64 | 112.17 | OK | |
r-devel-linux-x86_64-fedora-clang | 1.2.0 | 184.40 | NOTE | |||
r-devel-linux-x86_64-fedora-gcc | 1.2.0 | 179.20 | NOTE | |||
r-devel-windows-x86_64 | 1.2.0 | 39.00 | 163.00 | 202.00 | OK | |
r-patched-linux-x86_64 | 1.2.0 | 11.19 | 127.66 | 138.85 | OK | |
r-release-linux-x86_64 | 1.2.0 | 8.50 | 128.79 | 137.29 | OK | |
r-release-macos-arm64 | 1.2.0 | 50.00 | NOTE | |||
r-release-macos-x86_64 | 1.2.0 | 103.00 | NOTE | |||
r-release-windows-x86_64 | 1.2.0 | 34.00 | 163.00 | 197.00 | OK | |
r-oldrel-macos-arm64 | 1.2.0 | 57.00 | NOTE | |||
r-oldrel-macos-x86_64 | 1.2.0 | 78.00 | NOTE | |||
r-oldrel-windows-ix86+x86_64 | 1.2.0 | 27.00 | 161.00 | 188.00 | OK |
Version: 1.2.0
Check: dependencies in R code
Result: NOTE
Namespace in Imports field not imported from: ‘Rcompadre’
All declared Imports should be used.
Flavors: r-devel-linux-x86_64-fedora-clang, r-devel-linux-x86_64-fedora-gcc, r-release-macos-arm64, r-release-macos-x86_64, r-oldrel-macos-arm64, r-oldrel-macos-x86_64