Last updated on 2022-08-15 08:50:05 CEST.
Flavor | Version | Tinstall | Tcheck | Ttotal | Status | Flags |
---|---|---|---|---|---|---|
r-devel-linux-x86_64-debian-clang | 0.1.1 | 2.18 | 31.59 | 33.77 | NOTE | |
r-devel-linux-x86_64-debian-gcc | 0.1.1 | 2.05 | 24.93 | 26.98 | NOTE | |
r-devel-linux-x86_64-fedora-clang | 0.1.1 | 53.17 | NOTE | |||
r-devel-linux-x86_64-fedora-gcc | 0.1.1 | 50.29 | NOTE | |||
r-devel-windows-x86_64 | 0.1.1 | 21.00 | 61.00 | 82.00 | NOTE | |
r-patched-linux-x86_64 | 0.1.1 | 3.18 | 30.08 | 33.26 | NOTE | |
r-release-linux-x86_64 | 0.1.1 | 2.19 | 30.76 | 32.95 | NOTE | |
r-release-macos-arm64 | 0.1.1 | 18.00 | NOTE | |||
r-release-macos-x86_64 | 0.1.1 | 25.00 | NOTE | |||
r-release-windows-x86_64 | 0.1.1 | 19.00 | 62.00 | 81.00 | NOTE | |
r-oldrel-macos-arm64 | 0.1.1 | 21.00 | NOTE | |||
r-oldrel-macos-x86_64 | 0.1.1 | 31.00 | NOTE | |||
r-oldrel-windows-ix86+x86_64 | 0.1.1 | 5.00 | 51.00 | 56.00 | NOTE |
Version: 0.1.1
Check: LazyData
Result: NOTE
'LazyData' is specified without a 'data' directory
Flavors: r-devel-linux-x86_64-debian-clang, r-devel-linux-x86_64-debian-gcc, r-devel-linux-x86_64-fedora-clang, r-devel-linux-x86_64-fedora-gcc, r-devel-windows-x86_64, r-patched-linux-x86_64, r-release-linux-x86_64, r-release-macos-arm64, r-release-macos-x86_64, r-release-windows-x86_64, r-oldrel-macos-arm64, r-oldrel-macos-x86_64, r-oldrel-windows-ix86+x86_64