Last updated on 2022-08-15 08:50:05 CEST.
Flavor | Version | Tinstall | Tcheck | Ttotal | Status | Flags |
---|---|---|---|---|---|---|
r-devel-linux-x86_64-debian-clang | 0.1.0 | 4.04 | 24.46 | 28.50 | NOTE | |
r-devel-linux-x86_64-debian-gcc | 0.1.0 | 3.36 | 18.77 | 22.13 | NOTE | |
r-devel-linux-x86_64-fedora-clang | 0.1.0 | 46.18 | NOTE | |||
r-devel-linux-x86_64-fedora-gcc | 0.1.0 | 44.67 | NOTE | |||
r-devel-windows-x86_64 | 0.1.0 | 11.00 | 44.00 | 55.00 | NOTE | |
r-patched-linux-x86_64 | 0.1.0 | 3.96 | 24.20 | 28.16 | NOTE | |
r-release-linux-x86_64 | 0.1.0 | 3.57 | 23.95 | 27.52 | NOTE | |
r-release-macos-arm64 | 0.1.0 | 18.00 | NOTE | |||
r-release-macos-x86_64 | 0.1.0 | 22.00 | NOTE | |||
r-release-windows-x86_64 | 0.1.0 | 7.00 | 43.00 | 50.00 | NOTE | |
r-oldrel-macos-arm64 | 0.1.0 | 20.00 | NOTE | |||
r-oldrel-macos-x86_64 | 0.1.0 | 27.00 | NOTE | |||
r-oldrel-windows-ix86+x86_64 | 0.1.0 | 8.00 | 35.00 | 43.00 | NOTE |
Version: 0.1.0
Check: LazyData
Result: NOTE
'LazyData' is specified without a 'data' directory
Flavors: r-devel-linux-x86_64-debian-clang, r-devel-linux-x86_64-debian-gcc, r-devel-linux-x86_64-fedora-clang, r-devel-linux-x86_64-fedora-gcc, r-devel-windows-x86_64, r-patched-linux-x86_64, r-release-linux-x86_64, r-release-macos-arm64, r-release-macos-x86_64, r-release-windows-x86_64, r-oldrel-macos-arm64, r-oldrel-macos-x86_64, r-oldrel-windows-ix86+x86_64