Last updated on 2022-08-15 08:50:05 CEST.
Flavor | Version | Tinstall | Tcheck | Ttotal | Status | Flags |
---|---|---|---|---|---|---|
r-devel-linux-x86_64-debian-clang | 0.94.5 | 60.95 | 50.14 | 111.09 | WARN | |
r-devel-linux-x86_64-debian-gcc | 0.94.5 | 47.42 | 39.60 | 87.02 | OK | |
r-devel-linux-x86_64-fedora-clang | 0.94.5 | 160.01 | WARN | |||
r-devel-linux-x86_64-fedora-gcc | 0.94.5 | 154.24 | OK | |||
r-devel-windows-x86_64 | 0.94.5 | 96.00 | 122.00 | 218.00 | OK | |
r-patched-linux-x86_64 | 0.94.5 | 46.18 | 49.28 | 95.46 | OK | |
r-release-linux-x86_64 | 0.94.5 | 47.33 | 49.20 | 96.53 | OK | |
r-release-macos-arm64 | 0.94.5 | 48.00 | NOTE | |||
r-release-macos-x86_64 | 0.94.5 | 58.00 | OK | |||
r-release-windows-x86_64 | 0.94.5 | 98.00 | 122.00 | 220.00 | OK | |
r-oldrel-macos-arm64 | 0.94.5 | 62.00 | NOTE | |||
r-oldrel-macos-x86_64 | 0.94.5 | 76.00 | OK | |||
r-oldrel-windows-ix86+x86_64 | 0.94.5 | 145.00 | 106.00 | 251.00 | OK |
Version: 0.94.5
Check: whether package can be installed
Result: WARN
Found the following significant warnings:
RankCluster.cpp:601:17: warning: use of bitwise '&' with boolean operands [-Wbitwise-instead-of-logical]
test.cpp:34:17: warning: use of bitwise '&' with boolean operands [-Wbitwise-instead-of-logical]
Flavors: r-devel-linux-x86_64-debian-clang, r-devel-linux-x86_64-fedora-clang
Version: 0.94.5
Check: installed package size
Result: NOTE
installed size is 5.1Mb
sub-directories of 1Mb or more:
libs 4.3Mb
Flavors: r-release-macos-arm64, r-oldrel-macos-arm64