Last updated on 2022-08-15 08:50:05 CEST.
Flavor | Version | Tinstall | Tcheck | Ttotal | Status | Flags |
---|---|---|---|---|---|---|
r-devel-linux-x86_64-debian-clang | 1.1.0 | 344.84 | 189.71 | 534.55 | OK | |
r-devel-linux-x86_64-debian-gcc | 1.1.0 | 267.59 | 141.73 | 409.32 | OK | |
r-devel-linux-x86_64-fedora-clang | 1.1.0 | 743.71 | NOTE | |||
r-devel-linux-x86_64-fedora-gcc | 1.1.0 | 749.27 | OK | |||
r-devel-windows-x86_64 | 1.1.0 | 297.00 | 244.00 | 541.00 | NOTE | |
r-patched-linux-x86_64 | 1.1.0 | 286.51 | 184.55 | 471.06 | OK | |
r-release-linux-x86_64 | 1.1.0 | 238.01 | 181.84 | 419.85 | OK | |
r-release-macos-arm64 | 1.1.0 | 192.00 | NOTE | |||
r-release-macos-x86_64 | 1.1.0 | 232.00 | NOTE | |||
r-release-windows-x86_64 | 1.1.0 | 302.00 | 240.00 | 542.00 | NOTE | |
r-oldrel-macos-arm64 | 1.1.0 | 172.00 | NOTE | |||
r-oldrel-macos-x86_64 | 1.1.0 | 241.00 | NOTE | |||
r-oldrel-windows-ix86+x86_64 | 1.1.0 | 776.00 | 302.00 | 1078.00 | NOTE |
Version: 1.1.0
Check: installed package size
Result: NOTE
installed size is 5.6Mb
sub-directories of 1Mb or more:
data 3.9Mb
Flavors: r-devel-linux-x86_64-fedora-clang, r-devel-windows-x86_64, r-release-macos-arm64, r-release-macos-x86_64, r-release-windows-x86_64, r-oldrel-macos-arm64, r-oldrel-macos-x86_64, r-oldrel-windows-ix86+x86_64