Last updated on 2022-08-15 08:50:05 CEST.
Flavor | Version | Tinstall | Tcheck | Ttotal | Status | Flags |
---|---|---|---|---|---|---|
r-devel-linux-x86_64-debian-clang | 0.2-3 | 189.29 | 38.84 | 228.13 | OK | |
r-devel-linux-x86_64-debian-gcc | 0.2-3 | 145.27 | 30.13 | 175.40 | OK | |
r-devel-linux-x86_64-fedora-clang | 0.2-3 | 339.67 | OK | |||
r-devel-linux-x86_64-fedora-gcc | 0.2-3 | 303.67 | OK | |||
r-devel-windows-x86_64 | 0.2-3 | 154.00 | 98.00 | 252.00 | OK | |
r-patched-linux-x86_64 | 0.2-3 | 157.82 | 37.48 | 195.30 | OK | |
r-release-linux-x86_64 | 0.2-3 | 157.32 | 37.84 | 195.16 | OK | |
r-release-macos-arm64 | 0.2-3 | 77.00 | NOTE | |||
r-release-macos-x86_64 | 0.2-3 | 104.00 | NOTE | |||
r-release-windows-x86_64 | 0.2-3 | 151.00 | 98.00 | 249.00 | OK | |
r-oldrel-macos-arm64 | 0.2-3 | 80.00 | NOTE | |||
r-oldrel-macos-x86_64 | 0.2-3 | 141.00 | NOTE | |||
r-oldrel-windows-ix86+x86_64 | 0.2-3 | 451.00 | 101.00 | 552.00 | OK |
Version: 0.2-3
Check: installed package size
Result: NOTE
installed size is 9.9Mb
sub-directories of 1Mb or more:
libs 9.7Mb
Flavors: r-release-macos-arm64, r-release-macos-x86_64, r-oldrel-macos-arm64, r-oldrel-macos-x86_64