Last updated on 2022-08-15 08:50:05 CEST.
Flavor | Version | Tinstall | Tcheck | Ttotal | Status | Flags |
---|---|---|---|---|---|---|
r-devel-linux-x86_64-debian-clang | 1.0.2 | 20.43 | 137.23 | 157.66 | NOTE | |
r-devel-linux-x86_64-debian-gcc | 1.0.2 | 13.98 | 99.87 | 113.85 | NOTE | |
r-devel-linux-x86_64-fedora-clang | 1.0.2 | 195.74 | NOTE | |||
r-devel-linux-x86_64-fedora-gcc | 1.0.2 | 207.48 | NOTE | |||
r-devel-windows-x86_64 | 1.0.2 | 38.00 | 170.00 | 208.00 | NOTE | |
r-patched-linux-x86_64 | 1.0.2 | 24.52 | 133.77 | 158.29 | NOTE | |
r-release-linux-x86_64 | 1.0.2 | 17.62 | 133.01 | 150.63 | NOTE | |
r-release-macos-arm64 | 1.0.2 | 62.00 | NOTE | |||
r-release-macos-x86_64 | 1.0.2 | 137.00 | NOTE | |||
r-release-windows-x86_64 | 1.0.2 | 39.00 | 168.00 | 207.00 | NOTE | |
r-oldrel-macos-arm64 | 1.0.2 | 55.00 | NOTE | |||
r-oldrel-macos-x86_64 | 1.0.2 | 127.00 | NOTE | |||
r-oldrel-windows-ix86+x86_64 | 1.0.2 | 40.00 | 158.00 | 198.00 | NOTE |
Version: 1.0.2
Check: LazyData
Result: NOTE
'LazyData' is specified without a 'data' directory
Flavors: r-devel-linux-x86_64-debian-clang, r-devel-linux-x86_64-debian-gcc, r-devel-linux-x86_64-fedora-clang, r-devel-linux-x86_64-fedora-gcc, r-devel-windows-x86_64, r-patched-linux-x86_64, r-release-linux-x86_64, r-release-macos-arm64, r-release-macos-x86_64, r-release-windows-x86_64, r-oldrel-macos-arm64, r-oldrel-macos-x86_64, r-oldrel-windows-ix86+x86_64