Last updated on 2022-08-15 08:50:05 CEST.
Flavor | Version | Tinstall | Tcheck | Ttotal | Status | Flags |
---|---|---|---|---|---|---|
r-devel-linux-x86_64-debian-clang | 0.0-2 | 21.28 | 156.30 | 177.58 | NOTE | |
r-devel-linux-x86_64-debian-gcc | 0.0-2 | 17.61 | 112.10 | 129.71 | NOTE | |
r-devel-linux-x86_64-fedora-clang | 0.0-2 | 224.38 | NOTE | |||
r-devel-linux-x86_64-fedora-gcc | 0.0-2 | 238.64 | NOTE | |||
r-devel-windows-x86_64 | 0.0-2 | 68.00 | 187.00 | 255.00 | NOTE | |
r-patched-linux-x86_64 | 0.0-2 | 28.02 | 160.03 | 188.05 | OK | |
r-release-linux-x86_64 | 0.0-2 | 26.90 | 159.16 | 186.06 | OK | |
r-release-macos-arm64 | 0.0-2 | 84.00 | OK | |||
r-release-macos-x86_64 | 0.0-2 | 193.00 | OK | |||
r-release-windows-x86_64 | 0.0-2 | 87.00 | 179.00 | 266.00 | OK | |
r-oldrel-macos-arm64 | 0.0-2 | 86.00 | OK | |||
r-oldrel-macos-x86_64 | 0.0-2 | 151.00 | OK | |||
r-oldrel-windows-ix86+x86_64 | 0.0-2 | 47.00 | 173.00 | 220.00 | OK |
Version: 0.0-2
Check: Rd files
Result: NOTE
checkRd: (-1) RcmdrPlugin.MA-package.Rd:21: Escaped LaTeX specials: \&
checkRd: (-1) RcmdrPlugin.MA-package.Rd:23: Escaped LaTeX specials: \&
Flavors: r-devel-linux-x86_64-debian-clang, r-devel-linux-x86_64-debian-gcc, r-devel-linux-x86_64-fedora-clang, r-devel-linux-x86_64-fedora-gcc, r-devel-windows-x86_64