Last updated on 2022-08-15 08:50:05 CEST.
Flavor | Version | Tinstall | Tcheck | Ttotal | Status | Flags |
---|---|---|---|---|---|---|
r-devel-linux-x86_64-debian-clang | 1.1.4 | 17.87 | 150.50 | 168.37 | NOTE | |
r-devel-linux-x86_64-debian-gcc | 1.1.4 | 17.15 | 110.08 | 127.23 | NOTE | |
r-devel-linux-x86_64-fedora-clang | 1.1.4 | 218.50 | NOTE | |||
r-devel-linux-x86_64-fedora-gcc | 1.1.4 | 243.05 | NOTE | |||
r-devel-windows-x86_64 | 1.1.4 | 52.00 | 197.00 | 249.00 | NOTE | |
r-patched-linux-x86_64 | 1.1.4 | 24.83 | 164.49 | 189.32 | NOTE | |
r-release-linux-x86_64 | 1.1.4 | 24.94 | 165.35 | 190.29 | NOTE | |
r-release-macos-arm64 | 1.1.4 | 100.00 | NOTE | |||
r-release-macos-x86_64 | 1.1.4 | 240.00 | NOTE | |||
r-release-windows-x86_64 | 1.1.4 | 66.00 | 166.00 | 232.00 | NOTE | |
r-oldrel-macos-arm64 | 1.1.4 | 92.00 | NOTE | |||
r-oldrel-macos-x86_64 | 1.1.4 | 131.00 | NOTE | |||
r-oldrel-windows-ix86+x86_64 | 1.1.4 | 42.00 | 164.00 | 206.00 | NOTE |
Version: 1.1.4
Check: LazyData
Result: NOTE
'LazyData' is specified without a 'data' directory
Flavors: r-devel-linux-x86_64-debian-clang, r-devel-linux-x86_64-debian-gcc, r-devel-linux-x86_64-fedora-clang, r-devel-linux-x86_64-fedora-gcc, r-devel-windows-x86_64, r-patched-linux-x86_64, r-release-linux-x86_64, r-release-macos-arm64, r-release-macos-x86_64, r-release-windows-x86_64, r-oldrel-macos-arm64, r-oldrel-macos-x86_64, r-oldrel-windows-ix86+x86_64