Last updated on 2022-08-15 08:50:05 CEST.
Flavor | Version | Tinstall | Tcheck | Ttotal | Status | Flags |
---|---|---|---|---|---|---|
r-devel-linux-x86_64-debian-clang | 1.1.1 | 35.09 | 200.16 | 235.25 | OK | |
r-devel-linux-x86_64-debian-gcc | 1.1.1 | 27.56 | 145.46 | 173.02 | OK | |
r-devel-linux-x86_64-fedora-clang | 1.1.1 | 294.68 | NOTE | |||
r-devel-linux-x86_64-fedora-gcc | 1.1.1 | 309.88 | OK | |||
r-devel-windows-x86_64 | 1.1.1 | 184.00 | 245.00 | 429.00 | OK | |
r-patched-linux-x86_64 | 1.1.1 | 48.20 | 223.03 | 271.23 | OK | |
r-release-linux-x86_64 | 1.1.1 | 40.44 | 219.56 | 260.00 | OK | |
r-release-macos-arm64 | 1.1.1 | 73.00 | OK | |||
r-release-macos-x86_64 | 1.1.1 | 245.00 | OK | |||
r-release-windows-x86_64 | 1.1.1 | 177.00 | 202.00 | 379.00 | OK | |
r-oldrel-macos-arm64 | 1.1.1 | 58.00 | OK | |||
r-oldrel-macos-x86_64 | 1.1.1 | 153.00 | OK | |||
r-oldrel-windows-ix86+x86_64 | 1.1.1 | 58.00 | 214.00 | 272.00 | OK |
Version: 1.1.1
Check: Rd cross-references
Result: NOTE
Undeclared package ‘randtests’ in Rd xrefs
Flavor: r-devel-linux-x86_64-fedora-clang