Last updated on 2022-08-15 08:50:05 CEST.
Flavor | Version | Tinstall | Tcheck | Ttotal | Status | Flags |
---|---|---|---|---|---|---|
r-devel-linux-x86_64-debian-clang | 5.1-1 | 21.34 | 163.11 | 184.45 | NOTE | |
r-devel-linux-x86_64-debian-gcc | 5.1-1 | 16.26 | 119.44 | 135.70 | NOTE | |
r-devel-linux-x86_64-fedora-clang | 5.1-1 | 234.80 | NOTE | |||
r-devel-linux-x86_64-fedora-gcc | 5.1-1 | 244.15 | NOTE | |||
r-devel-windows-x86_64 | 5.1-1 | 60.00 | 206.00 | 266.00 | NOTE | |
r-patched-linux-x86_64 | 5.1-1 | 24.75 | 169.40 | 194.15 | NOTE | |
r-release-linux-x86_64 | 5.1-1 | 24.76 | 173.16 | 197.92 | NOTE | |
r-release-macos-arm64 | 5.1-1 | 81.00 | NOTE | |||
r-release-macos-x86_64 | 5.1-1 | 199.00 | NOTE | |||
r-release-windows-x86_64 | 5.1-1 | 61.00 | 210.00 | 271.00 | NOTE | |
r-oldrel-macos-arm64 | 5.1-1 | 72.00 | NOTE | |||
r-oldrel-macos-x86_64 | 5.1-1 | 117.00 | NOTE | |||
r-oldrel-windows-ix86+x86_64 | 5.1-1 | 43.00 | 192.00 | 235.00 | NOTE |
Version: 5.1-1
Check: package dependencies
Result: NOTE
Depends: includes the non-default packages:
'IQCC', 'qcc', 'qicharts2', 'randtests', 'rmarkdown',
'TeachingDemos', 'tseries'
Adding so many packages to the search path is excessive and importing
selectively is preferable.
Flavors: r-devel-linux-x86_64-debian-clang, r-devel-linux-x86_64-debian-gcc, r-devel-linux-x86_64-fedora-clang, r-devel-linux-x86_64-fedora-gcc, r-devel-windows-x86_64, r-patched-linux-x86_64, r-release-linux-x86_64, r-release-macos-arm64, r-release-macos-x86_64, r-release-windows-x86_64, r-oldrel-macos-arm64, r-oldrel-macos-x86_64, r-oldrel-windows-ix86+x86_64