Last updated on 2022-08-15 08:50:05 CEST.
Flavor | Version | Tinstall | Tcheck | Ttotal | Status | Flags |
---|---|---|---|---|---|---|
r-devel-linux-x86_64-debian-clang | 0.3-5 | 2.64 | 27.96 | 30.60 | OK | --install=fake --no-examples --no-tests --no-vignettes |
r-devel-linux-x86_64-debian-gcc | 0.3-5 | 1.93 | 21.69 | 23.62 | OK | --install=fake --no-examples --no-tests --no-vignettes |
r-devel-windows-x86_64 | 0.3-5 | 3.00 | 7.00 | 10.00 | ERROR | |
r-patched-linux-x86_64 | 0.3-5 | 2.70 | 26.93 | 29.63 | OK | --install=fake --no-examples --no-tests --no-vignettes |
r-release-linux-x86_64 | 0.3-5 | 1.65 | 26.43 | 28.08 | OK | --install=fake --no-examples --no-tests --no-vignettes |
r-release-macos-arm64 | 0.3-5 | 14.00 | ERROR | |||
r-release-macos-x86_64 | 0.3-5 | 7.00 | ERROR | |||
r-release-windows-x86_64 | 0.3-3 | 1.00 | 30.00 | 31.00 | ERROR | |
r-oldrel-macos-arm64 | 0.3-5 | 10.00 | ERROR | |||
r-oldrel-macos-x86_64 | 0.3-5 | 12.00 | ERROR |
Version: 0.3-5
Check: whether package can be installed
Result: ERROR
Installation failed.
Flavors: r-devel-windows-x86_64, r-release-macos-arm64, r-release-macos-x86_64, r-oldrel-macos-arm64, r-oldrel-macos-x86_64
Version: 0.3-3
Check: whether package can be installed
Result: ERROR
Installation failed.
Flavor: r-release-windows-x86_64