Last updated on 2022-08-15 08:50:05 CEST.
Flavor | Version | Tinstall | Tcheck | Ttotal | Status | Flags |
---|---|---|---|---|---|---|
r-devel-linux-x86_64-debian-clang | 0.2.5 | 113.28 | 86.61 | 199.89 | OK | |
r-devel-linux-x86_64-debian-gcc | 0.2.5 | 99.04 | 63.31 | 162.35 | OK | |
r-devel-linux-x86_64-fedora-clang | 0.2.5 | 271.53 | OK | |||
r-devel-linux-x86_64-fedora-gcc | 0.2.5 | 272.59 | OK | |||
r-devel-windows-x86_64 | 0.2.5 | 110.00 | 130.00 | 240.00 | OK | |
r-patched-linux-x86_64 | 0.2.5 | 100.81 | 83.83 | 184.64 | OK | |
r-release-linux-x86_64 | 0.2.5 | 103.65 | 84.86 | 188.51 | OK | |
r-release-macos-arm64 | 0.2.5 | 64.00 | NOTE | |||
r-release-macos-x86_64 | 0.2.5 | 85.00 | NOTE | |||
r-release-windows-x86_64 | 0.2.5 | 133.00 | 132.00 | 265.00 | OK | |
r-oldrel-macos-arm64 | 0.2.5 | 62.00 | NOTE | |||
r-oldrel-macos-x86_64 | 0.2.5 | 78.00 | NOTE | |||
r-oldrel-windows-ix86+x86_64 | 0.2.5 | 275.00 | 210.00 | 485.00 | OK |
Version: 0.2.5
Check: installed package size
Result: NOTE
installed size is 8.9Mb
sub-directories of 1Mb or more:
libs 8.7Mb
Flavors: r-release-macos-arm64, r-release-macos-x86_64, r-oldrel-macos-arm64, r-oldrel-macos-x86_64