Last updated on 2022-08-15 08:50:05 CEST.
Flavor | Version | Tinstall | Tcheck | Ttotal | Status | Flags |
---|---|---|---|---|---|---|
r-devel-linux-x86_64-debian-clang | 5.4.1 | 9.82 | 27.23 | 37.05 | OK | |
r-devel-linux-x86_64-debian-gcc | 5.4.1 | 7.39 | 21.53 | 28.92 | OK | |
r-devel-linux-x86_64-fedora-clang | 5.4.1 | 56.76 | NOTE | |||
r-devel-linux-x86_64-fedora-gcc | 5.4.1 | 54.54 | OK | |||
r-devel-windows-x86_64 | 5.4.1 | 930.00 | 90.00 | 1020.00 | NOTE | |
r-patched-linux-x86_64 | 5.4.1 | 10.39 | 26.73 | 37.12 | OK | |
r-release-linux-x86_64 | 5.4.1 | 8.87 | 26.85 | 35.72 | OK | |
r-release-macos-arm64 | 5.4.1 | 22.00 | NOTE | |||
r-release-macos-x86_64 | 5.4.1 | 34.00 | NOTE | |||
r-release-windows-x86_64 | 5.4.1 | 3014.00 | 94.00 | 3108.00 | NOTE | |
r-oldrel-macos-arm64 | 5.4.1 | 25.00 | NOTE | |||
r-oldrel-macos-x86_64 | 5.4.1 | 34.00 | NOTE | |||
r-oldrel-windows-ix86+x86_64 | 5.4.1 | 33.00 | 56.00 | 89.00 | NOTE |
Version: 5.4.1
Check: installed package size
Result: NOTE
installed size is 45.4Mb
sub-directories of 1Mb or more:
include 45.2Mb
Flavors: r-devel-linux-x86_64-fedora-clang, r-devel-windows-x86_64, r-release-macos-arm64, r-release-macos-x86_64, r-release-windows-x86_64, r-oldrel-macos-arm64, r-oldrel-macos-x86_64, r-oldrel-windows-ix86+x86_64