Last updated on 2022-08-15 08:50:05 CEST.
Flavor | Version | Tinstall | Tcheck | Ttotal | Status | Flags |
---|---|---|---|---|---|---|
r-devel-linux-x86_64-debian-clang | 1.0.0 | 29.17 | 50.18 | 79.35 | OK | |
r-devel-linux-x86_64-debian-gcc | 1.0.0 | 22.12 | 37.94 | 60.06 | OK | |
r-devel-linux-x86_64-fedora-clang | 1.0.0 | 110.31 | NOTE | |||
r-devel-linux-x86_64-fedora-gcc | 1.0.0 | 101.35 | NOTE | |||
r-devel-windows-x86_64 | 1.0.0 | 165.00 | 98.00 | 263.00 | OK | |
r-patched-linux-x86_64 | 1.0.0 | 23.09 | 46.89 | 69.98 | OK | |
r-release-linux-x86_64 | 1.0.0 | 22.84 | 47.97 | 70.81 | OK | |
r-release-macos-arm64 | 1.0.0 | 32.00 | NOTE | |||
r-release-macos-x86_64 | 1.0.0 | 53.00 | NOTE | |||
r-release-windows-x86_64 | 1.0.0 | 78.00 | 99.00 | 177.00 | OK | |
r-oldrel-macos-arm64 | 1.0.0 | 33.00 | NOTE | |||
r-oldrel-macos-x86_64 | 1.0.0 | 46.00 | NOTE | |||
r-oldrel-windows-ix86+x86_64 | 1.0.0 | 70.00 | 110.00 | 180.00 | OK |
Version: 1.0.0
Check: dependencies in R code
Result: NOTE
Namespace in Imports field not imported from: ‘RcppEigen’
All declared Imports should be used.
Flavors: r-devel-linux-x86_64-fedora-clang, r-devel-linux-x86_64-fedora-gcc, r-release-macos-arm64, r-release-macos-x86_64, r-oldrel-macos-arm64, r-oldrel-macos-x86_64