Last updated on 2022-08-15 08:50:05 CEST.
Flavor | Version | Tinstall | Tcheck | Ttotal | Status | Flags |
---|---|---|---|---|---|---|
r-devel-linux-x86_64-debian-clang | 1.2.2 | 92.28 | 32.13 | 124.41 | OK | |
r-devel-linux-x86_64-debian-gcc | 1.2.2 | 80.72 | 24.48 | 105.20 | OK | |
r-devel-linux-x86_64-fedora-clang | 1.2.2 | 192.44 | OK | |||
r-devel-linux-x86_64-fedora-gcc | 1.2.2 | 182.58 | OK | |||
r-devel-windows-x86_64 | 1.2.2 | 145.00 | 83.00 | 228.00 | OK | |
r-patched-linux-x86_64 | 1.2.2 | 81.40 | 31.18 | 112.58 | OK | |
r-release-linux-x86_64 | 1.2.2 | 87.26 | 30.45 | 117.71 | OK | |
r-release-macos-arm64 | 1.2.2 | 44.00 | OK | |||
r-release-macos-x86_64 | 1.2.2 | 57.00 | NOTE | |||
r-release-windows-x86_64 | 1.2.2 | 88.00 | 82.00 | 170.00 | OK | |
r-oldrel-macos-arm64 | 1.2.2 | 49.00 | NOTE | |||
r-oldrel-macos-x86_64 | 1.2.2 | 74.00 | NOTE | |||
r-oldrel-windows-ix86+x86_64 | 1.2.2 | 242.00 | 91.00 | 333.00 | OK |
Version: 1.2.2
Check: installed package size
Result: NOTE
installed size is 5.3Mb
sub-directories of 1Mb or more:
libs 5.2Mb
Flavors: r-release-macos-x86_64, r-oldrel-macos-arm64, r-oldrel-macos-x86_64