Last updated on 2022-08-15 08:50:05 CEST.
Flavor | Version | Tinstall | Tcheck | Ttotal | Status | Flags |
---|---|---|---|---|---|---|
r-devel-linux-x86_64-debian-clang | 0.4-0 | 40.26 | 153.46 | 193.72 | NOTE | |
r-devel-linux-x86_64-debian-gcc | 0.4-0 | 34.50 | 124.47 | 158.97 | NOTE | |
r-devel-linux-x86_64-fedora-clang | 0.4-0 | 235.97 | NOTE | |||
r-devel-linux-x86_64-fedora-gcc | 0.4-0 | 258.92 | NOTE | |||
r-devel-windows-x86_64 | 0.4-0 | 47.00 | 212.00 | 259.00 | NOTE | |
r-patched-linux-x86_64 | 0.4-0 | 39.56 | 153.29 | 192.85 | NOTE | |
r-release-linux-x86_64 | 0.4-0 | 35.51 | 153.60 | 189.11 | NOTE | |
r-release-macos-arm64 | 0.4-0 | 65.00 | NOTE | |||
r-release-macos-x86_64 | 0.4-0 | 82.00 | NOTE | |||
r-release-windows-x86_64 | 0.4-0 | 84.00 | 219.00 | 303.00 | NOTE | |
r-oldrel-macos-arm64 | 0.4-0 | 80.00 | NOTE | |||
r-oldrel-macos-x86_64 | 0.4-0 | 110.00 | NOTE | |||
r-oldrel-windows-ix86+x86_64 | 0.4-0 | 101.00 | 218.00 | 319.00 | NOTE |
Version: 0.4-0
Check: LazyData
Result: NOTE
'LazyData' is specified without a 'data' directory
Flavors: r-devel-linux-x86_64-debian-clang, r-devel-linux-x86_64-debian-gcc, r-devel-linux-x86_64-fedora-clang, r-devel-linux-x86_64-fedora-gcc, r-devel-windows-x86_64, r-patched-linux-x86_64, r-release-linux-x86_64, r-release-macos-arm64, r-release-macos-x86_64, r-release-windows-x86_64, r-oldrel-macos-arm64, r-oldrel-macos-x86_64, r-oldrel-windows-ix86+x86_64
Version: 0.4-0
Check: installed package size
Result: NOTE
installed size is 5.9Mb
sub-directories of 1Mb or more:
libs 5.4Mb
Flavors: r-release-macos-arm64, r-release-macos-x86_64, r-oldrel-macos-arm64, r-oldrel-macos-x86_64