Last updated on 2022-08-15 08:50:05 CEST.
Flavor | Version | Tinstall | Tcheck | Ttotal | Status | Flags |
---|---|---|---|---|---|---|
r-devel-linux-x86_64-debian-clang | 0.1.0 | 170.27 | 31.28 | 201.55 | OK | |
r-devel-linux-x86_64-debian-gcc | 0.1.0 | 129.38 | 23.43 | 152.81 | OK | |
r-devel-linux-x86_64-fedora-clang | 0.1.0 | 314.73 | OK | |||
r-devel-linux-x86_64-fedora-gcc | 0.1.0 | 260.51 | OK | |||
r-devel-windows-x86_64 | 0.1.0 | 205.00 | 91.00 | 296.00 | OK | |
r-patched-linux-x86_64 | 0.1.0 | 139.97 | 29.20 | 169.17 | OK | |
r-release-linux-x86_64 | 0.1.0 | 134.14 | 28.85 | 162.99 | OK | |
r-release-macos-arm64 | 0.1.0 | 71.00 | NOTE | |||
r-release-macos-x86_64 | 0.1.0 | 98.00 | NOTE | |||
r-release-windows-x86_64 | 0.1.0 | 224.00 | 92.00 | 316.00 | OK | |
r-oldrel-macos-arm64 | 0.1.0 | 72.00 | NOTE | |||
r-oldrel-macos-x86_64 | 0.1.0 | 104.00 | NOTE | |||
r-oldrel-windows-ix86+x86_64 | 0.1.0 | 432.00 | 140.00 | 572.00 | OK |
Version: 0.1.0
Check: installed package size
Result: NOTE
installed size is 9.0Mb
sub-directories of 1Mb or more:
libs 8.9Mb
Flavors: r-release-macos-arm64, r-release-macos-x86_64, r-oldrel-macos-arm64, r-oldrel-macos-x86_64