Last updated on 2022-08-15 08:50:05 CEST.
Flavor | Version | Tinstall | Tcheck | Ttotal | Status | Flags |
---|---|---|---|---|---|---|
r-devel-linux-x86_64-debian-clang | 2.1.3 | 3.36 | 122.79 | 126.15 | OK | |
r-devel-linux-x86_64-debian-gcc | 2.1.3 | 2.45 | 82.94 | 85.39 | OK | |
r-devel-linux-x86_64-fedora-clang | 2.1.3 | 152.58 | OK | |||
r-devel-linux-x86_64-fedora-gcc | 2.1.3 | 142.48 | OK | |||
r-devel-windows-x86_64 | 2.1.3 | 23.00 | 113.00 | 136.00 | OK | |
r-patched-linux-x86_64 | 2.1.3 | 3.20 | 104.55 | 107.75 | OK | |
r-release-linux-x86_64 | 2.1.3 | 3.09 | 105.56 | 108.65 | OK | |
r-release-macos-arm64 | 2.1.3 | 58.00 | OK | |||
r-release-macos-x86_64 | 2.1.3 | 82.00 | OK | |||
r-release-windows-x86_64 | 2.1.3 | 29.00 | 111.00 | 140.00 | OK | |
r-oldrel-macos-arm64 | 2.1.3 | 59.00 | OK | |||
r-oldrel-macos-x86_64 | 2.1.3 | 105.00 | OK | |||
r-oldrel-windows-ix86+x86_64 | 2.1.3 | 10.00 | 146.00 | 156.00 | ERROR |
Version: 2.1.3
Check: running tests for arch ‘i386’
Result: ERROR
Running 'testthat.R' [38s]
Running the tests in 'tests/testthat.R' failed.
Complete output:
> library(testthat)
> library(RcppThread)
>
> test_check("RcppThread")
Flavor: r-oldrel-windows-ix86+x86_64
Version: 2.1.3
Check: running tests for arch ‘x64’
Result: ERROR
Running 'testthat.R' [55s]
Running the tests in 'tests/testthat.R' failed.
Complete output:
> library(testthat)
> library(RcppThread)
>
> test_check("RcppThread")
Flavor: r-oldrel-windows-ix86+x86_64