Last updated on 2022-08-15 08:50:05 CEST.
Flavor | Version | Tinstall | Tcheck | Ttotal | Status | Flags |
---|---|---|---|---|---|---|
r-devel-linux-x86_64-debian-clang | 1.0.0 | 2.24 | 40.02 | 42.26 | NOTE | |
r-devel-linux-x86_64-debian-gcc | 1.0.0 | 2.83 | 30.63 | 33.46 | NOTE | |
r-devel-linux-x86_64-fedora-clang | 1.0.0 | 65.76 | NOTE | |||
r-devel-linux-x86_64-fedora-gcc | 1.0.0 | 63.66 | NOTE | |||
r-devel-windows-x86_64 | 1.0.0 | 24.00 | 84.00 | 108.00 | NOTE | |
r-patched-linux-x86_64 | 1.0.0 | 3.43 | 38.88 | 42.31 | NOTE | |
r-release-linux-x86_64 | 1.0.0 | 3.60 | 38.55 | 42.15 | NOTE | |
r-release-macos-arm64 | 1.0.0 | 21.00 | NOTE | |||
r-release-macos-x86_64 | 1.0.0 | 30.00 | NOTE | |||
r-release-windows-x86_64 | 1.0.0 | 35.00 | 84.00 | 119.00 | NOTE | |
r-oldrel-macos-arm64 | 1.0.0 | 24.00 | NOTE | |||
r-oldrel-macos-x86_64 | 1.0.0 | 38.00 | NOTE | |||
r-oldrel-windows-ix86+x86_64 | 1.0.0 | 7.00 | 72.00 | 79.00 | NOTE |
Version: 1.0.0
Check: LazyData
Result: NOTE
'LazyData' is specified without a 'data' directory
Flavors: r-devel-linux-x86_64-debian-clang, r-devel-linux-x86_64-debian-gcc, r-devel-linux-x86_64-fedora-clang, r-devel-linux-x86_64-fedora-gcc, r-devel-windows-x86_64, r-patched-linux-x86_64, r-release-linux-x86_64, r-release-macos-arm64, r-release-macos-x86_64, r-release-windows-x86_64, r-oldrel-macos-arm64, r-oldrel-macos-x86_64, r-oldrel-windows-ix86+x86_64