Last updated on 2022-08-15 08:50:05 CEST.
Flavor | Version | Tinstall | Tcheck | Ttotal | Status | Flags |
---|---|---|---|---|---|---|
r-devel-linux-x86_64-debian-clang | 1.0.9 | 289.50 | 265.11 | 554.61 | NOTE | |
r-devel-linux-x86_64-debian-gcc | 1.0.9 | 231.17 | 194.03 | 425.20 | NOTE | |
r-devel-linux-x86_64-fedora-clang | 1.0.9 | 736.25 | NOTE | |||
r-devel-linux-x86_64-fedora-gcc | 1.0.9 | 691.68 | NOTE | |||
r-devel-windows-x86_64 | 1.0.9 | 584.00 | 336.00 | 920.00 | NOTE | |
r-patched-linux-x86_64 | 1.0.9 | 260.97 | 241.26 | 502.23 | OK | |
r-release-linux-x86_64 | 1.0.9 | 242.98 | 244.37 | 487.35 | OK | |
r-release-macos-arm64 | 1.0.9 | 161.00 | NOTE | |||
r-release-macos-x86_64 | 1.0.9 | 285.00 | NOTE | |||
r-release-windows-x86_64 | 1.0.9 | 311.00 | 345.00 | 656.00 | NOTE | |
r-oldrel-macos-arm64 | 1.0.9 | 138.00 | NOTE | |||
r-oldrel-macos-x86_64 | 1.0.9 | 205.00 | NOTE | |||
r-oldrel-windows-ix86+x86_64 | 1.0.9 | 628.00 | 424.00 | 1052.00 | NOTE |
Version: 1.0.9
Check: Rd files
Result: NOTE
checkRd: (-1) nonlinear_MVE.Rd:73: Escaped LaTeX specials: \&
Flavors: r-devel-linux-x86_64-debian-clang, r-devel-linux-x86_64-debian-gcc, r-devel-linux-x86_64-fedora-clang, r-devel-linux-x86_64-fedora-gcc, r-devel-windows-x86_64
Version: 1.0.9
Check: installed package size
Result: NOTE
installed size is 5.5Mb
sub-directories of 1Mb or more:
data 1.9Mb
libs 1.8Mb
Flavors: r-devel-linux-x86_64-fedora-clang, r-devel-windows-x86_64, r-release-macos-arm64, r-release-macos-x86_64, r-release-windows-x86_64, r-oldrel-macos-arm64, r-oldrel-macos-x86_64, r-oldrel-windows-ix86+x86_64
Version: 1.0.9
Check: Rd cross-references
Result: NOTE
Undeclared package ‘Rtsne’ in Rd xrefs
Flavor: r-devel-linux-x86_64-fedora-clang