Last updated on 2022-08-15 08:50:05 CEST.
Flavor | Version | Tinstall | Tcheck | Ttotal | Status | Flags |
---|---|---|---|---|---|---|
r-devel-linux-x86_64-debian-clang | 2.1.3 | 6.35 | 74.44 | 80.79 | NOTE | |
r-devel-linux-x86_64-debian-gcc | 2.1.3 | 3.05 | 56.64 | 59.69 | NOTE | |
r-devel-linux-x86_64-fedora-clang | 2.1.3 | 107.32 | NOTE | |||
r-devel-linux-x86_64-fedora-gcc | 2.1.3 | 109.25 | NOTE | |||
r-devel-windows-x86_64 | 2.1.3 | 32.00 | 133.00 | 165.00 | OK | |
r-patched-linux-x86_64 | 2.1.3 | 5.23 | 68.39 | 73.62 | OK | |
r-release-linux-x86_64 | 2.1.3 | 5.32 | 66.43 | 71.75 | OK | |
r-release-macos-arm64 | 2.1.3 | 32.00 | OK | |||
r-release-macos-x86_64 | 2.1.3 | 44.00 | OK | |||
r-release-windows-x86_64 | 2.1.3 | 41.00 | 133.00 | 174.00 | OK | |
r-oldrel-macos-arm64 | 2.1.3 | 29.00 | OK | |||
r-oldrel-macos-x86_64 | 2.1.3 | 47.00 | OK | |||
r-oldrel-windows-ix86+x86_64 | 2.1.3 | 10.00 | 127.00 | 137.00 | OK |
Version: 2.1.3
Check: HTML version of manual
Result: NOTE
Found the following HTML validation problems:
Rdistance-package.html:19:1: Warning: missing </h2> before <ul>
Rdistance-package.html:68:1: Warning: discarding unexpected </h2>
Flavors: r-devel-linux-x86_64-debian-clang, r-devel-linux-x86_64-debian-gcc, r-devel-linux-x86_64-fedora-clang, r-devel-linux-x86_64-fedora-gcc