Last updated on 2022-08-15 08:50:06 CEST.
Flavor | Version | Tinstall | Tcheck | Ttotal | Status | Flags |
---|---|---|---|---|---|---|
r-devel-linux-x86_64-debian-clang | 1.0.1 | 3.56 | 36.40 | 39.96 | OK | |
r-devel-linux-x86_64-debian-gcc | 1.0.1 | 3.69 | 27.43 | 31.12 | OK | |
r-devel-linux-x86_64-fedora-clang | 1.0.1 | 57.70 | NOTE | |||
r-devel-linux-x86_64-fedora-gcc | 1.0.1 | 57.05 | OK | |||
r-devel-windows-x86_64 | 1.0.1 | 13.00 | 62.00 | 75.00 | NOTE | |
r-patched-linux-x86_64 | 1.0.1 | 3.82 | 35.55 | 39.37 | OK | |
r-release-linux-x86_64 | 1.0.1 | 4.41 | 34.82 | 39.23 | OK | |
r-release-macos-arm64 | 1.0.1 | 19.00 | NOTE | |||
r-release-macos-x86_64 | 1.0.1 | 29.00 | NOTE | |||
r-release-windows-x86_64 | 1.0.1 | 9.00 | 63.00 | 72.00 | NOTE | |
r-oldrel-macos-arm64 | 1.0.1 | 26.00 | NOTE | |||
r-oldrel-macos-x86_64 | 1.0.1 | 35.00 | NOTE | |||
r-oldrel-windows-ix86+x86_64 | 1.0.1 | 9.00 | 55.00 | 64.00 | NOTE |
Version: 1.0.1
Check: installed package size
Result: NOTE
installed size is 10.2Mb
sub-directories of 1Mb or more:
java 10.1Mb
Flavors: r-devel-linux-x86_64-fedora-clang, r-devel-windows-x86_64, r-release-macos-arm64, r-release-macos-x86_64, r-release-windows-x86_64, r-oldrel-macos-arm64, r-oldrel-macos-x86_64, r-oldrel-windows-ix86+x86_64