Last updated on 2022-08-15 08:50:06 CEST.
Flavor | Version | Tinstall | Tcheck | Ttotal | Status | Flags |
---|---|---|---|---|---|---|
r-devel-linux-x86_64-debian-clang | 1.0.10 | 67.49 | 202.86 | 270.35 | OK | |
r-devel-linux-x86_64-debian-gcc | 1.0.10 | 56.98 | 148.51 | 205.49 | OK | |
r-devel-linux-x86_64-fedora-clang | 1.0.10 | 354.34 | OK | |||
r-devel-linux-x86_64-fedora-gcc | 1.0.10 | 330.28 | OK | |||
r-devel-windows-x86_64 | 1.0.10 | 94.00 | 266.00 | 360.00 | OK | |
r-patched-linux-x86_64 | 1.0.10 | 59.41 | 192.58 | 251.99 | OK | |
r-release-linux-x86_64 | 1.0.10 | 61.49 | 191.11 | 252.60 | OK | |
r-release-macos-arm64 | 1.0.10 | 86.00 | NOTE | |||
r-release-macos-x86_64 | 1.0.10 | 118.00 | OK | |||
r-release-windows-x86_64 | 1.0.10 | 90.00 | 286.00 | 376.00 | OK | |
r-oldrel-macos-arm64 | 1.0.10 | 103.00 | NOTE | |||
r-oldrel-macos-x86_64 | 1.0.10 | 169.00 | OK | |||
r-oldrel-windows-ix86+x86_64 | 1.0.10 | 160.00 | 367.00 | 527.00 | OK |
Version: 1.0.10
Check: package dependencies
Result: NOTE
Packages suggested but not available for checking: 'interval', 'Icens'
Flavors: r-release-macos-arm64, r-oldrel-macos-arm64
Version: 1.0.10
Check: Rd cross-references
Result: NOTE
Package unavailable to check Rd xrefs: ‘interval’
Flavors: r-release-macos-arm64, r-oldrel-macos-arm64