Last updated on 2022-08-15 08:50:06 CEST.
Flavor | Version | Tinstall | Tcheck | Ttotal | Status | Flags |
---|---|---|---|---|---|---|
r-devel-linux-x86_64-debian-clang | 1.4.3.1 | 13.18 | 80.25 | 93.43 | NOTE | |
r-devel-linux-x86_64-debian-gcc | 1.4.3.1 | 10.17 | 60.71 | 70.88 | NOTE | |
r-devel-linux-x86_64-fedora-clang | 1.4.3.1 | 123.81 | NOTE | |||
r-devel-linux-x86_64-fedora-gcc | 1.4.3.1 | 120.25 | NOTE | |||
r-devel-windows-x86_64 | 1.4.3.1 | 35.00 | 156.00 | 191.00 | NOTE | |
r-patched-linux-x86_64 | 1.4.3.1 | 12.85 | 76.24 | 89.09 | NOTE | |
r-release-linux-x86_64 | 1.4.3.1 | 10.85 | 75.81 | 86.66 | NOTE | |
r-release-macos-arm64 | 1.4.3.1 | 45.00 | NOTE | |||
r-release-macos-x86_64 | 1.4.3.1 | 58.00 | NOTE | |||
r-release-windows-x86_64 | 1.4.3.1 | 36.00 | 149.00 | 185.00 | NOTE | |
r-oldrel-macos-arm64 | 1.4.3.1 | 60.00 | NOTE | |||
r-oldrel-macos-x86_64 | 1.4.3.1 | 83.00 | NOTE | |||
r-oldrel-windows-ix86+x86_64 | 1.4.3.1 | 24.00 | 130.00 | 154.00 | NOTE |
Version: 1.4.3.1
Check: LazyData
Result: NOTE
'LazyData' is specified without a 'data' directory
Flavors: r-devel-linux-x86_64-debian-clang, r-devel-linux-x86_64-debian-gcc, r-devel-linux-x86_64-fedora-clang, r-devel-linux-x86_64-fedora-gcc, r-devel-windows-x86_64, r-patched-linux-x86_64, r-release-linux-x86_64, r-release-macos-arm64, r-release-macos-x86_64, r-release-windows-x86_64, r-oldrel-macos-arm64, r-oldrel-macos-x86_64, r-oldrel-windows-ix86+x86_64