Last updated on 2022-08-15 08:50:06 CEST.
Flavor | Version | Tinstall | Tcheck | Ttotal | Status | Flags |
---|---|---|---|---|---|---|
r-devel-linux-x86_64-debian-clang | 0.2.10 | 29.50 | 254.97 | 284.47 | NOTE | |
r-devel-linux-x86_64-debian-gcc | 0.2.10 | 22.71 | 190.31 | 213.02 | NOTE | |
r-devel-linux-x86_64-fedora-clang | 0.2.10 | 338.91 | NOTE | |||
r-devel-linux-x86_64-fedora-gcc | 0.2.10 | 341.44 | NOTE | |||
r-devel-windows-x86_64 | 0.2.10 | 41.00 | 240.00 | 281.00 | NOTE | |
r-patched-linux-x86_64 | 0.2.10 | 27.53 | 248.56 | 276.09 | NOTE | |
r-release-linux-x86_64 | 0.2.10 | 23.54 | 249.13 | 272.67 | NOTE | |
r-release-macos-arm64 | 0.2.10 | 66.00 | NOTE | |||
r-release-macos-x86_64 | 0.2.10 | 101.00 | NOTE | |||
r-release-windows-x86_64 | 0.2.10 | 39.00 | 244.00 | 283.00 | NOTE | |
r-oldrel-macos-arm64 | 0.2.10 | 37.00 | NOTE | |||
r-oldrel-macos-x86_64 | 0.2.10 | 67.00 | NOTE | |||
r-oldrel-windows-ix86+x86_64 | 0.2.10 | 61.00 | 247.00 | 308.00 | NOTE |
Version: 0.2.10
Check: LazyData
Result: NOTE
'LazyData' is specified without a 'data' directory
Flavors: r-devel-linux-x86_64-debian-clang, r-devel-linux-x86_64-debian-gcc, r-devel-linux-x86_64-fedora-clang, r-devel-linux-x86_64-fedora-gcc, r-devel-windows-x86_64, r-patched-linux-x86_64, r-release-linux-x86_64, r-release-macos-arm64, r-release-macos-x86_64, r-release-windows-x86_64, r-oldrel-macos-arm64, r-oldrel-macos-x86_64, r-oldrel-windows-ix86+x86_64