Last updated on 2022-08-15 08:50:06 CEST.
Flavor | Version | Tinstall | Tcheck | Ttotal | Status | Flags |
---|---|---|---|---|---|---|
r-devel-linux-x86_64-debian-clang | 3.0.6 | 2.10 | 27.12 | 29.22 | OK | |
r-devel-linux-x86_64-debian-gcc | 3.0.6 | 1.97 | 20.97 | 22.94 | OK | |
r-devel-linux-x86_64-fedora-clang | 3.0.6 | 47.02 | NOTE | |||
r-devel-linux-x86_64-fedora-gcc | 3.0.6 | 45.27 | NOTE | |||
r-devel-windows-x86_64 | 3.0.6 | 20.00 | 57.00 | 77.00 | OK | |
r-patched-linux-x86_64 | 3.0.6 | 2.65 | 26.14 | 28.79 | OK | |
r-release-linux-x86_64 | 3.0.6 | 2.03 | 25.67 | 27.70 | OK | |
r-release-macos-arm64 | 3.0.6 | 15.00 | NOTE | |||
r-release-macos-x86_64 | 3.0.6 | 22.00 | NOTE | |||
r-release-windows-x86_64 | 3.0.6 | 63.00 | 61.00 | 124.00 | OK | |
r-oldrel-macos-arm64 | 3.0.6 | 18.00 | NOTE | |||
r-oldrel-macos-x86_64 | 3.0.6 | 23.00 | NOTE | |||
r-oldrel-windows-ix86+x86_64 | 3.0.6 | 7.00 | 52.00 | 59.00 | OK |
Version: 3.0.6
Check: dependencies in R code
Result: NOTE
Namespace in Imports field not imported from: ‘rlang’
All declared Imports should be used.
Flavors: r-devel-linux-x86_64-fedora-clang, r-devel-linux-x86_64-fedora-gcc, r-release-macos-arm64, r-release-macos-x86_64, r-oldrel-macos-arm64, r-oldrel-macos-x86_64