Last updated on 2022-08-15 08:50:06 CEST.
Flavor | Version | Tinstall | Tcheck | Ttotal | Status | Flags |
---|---|---|---|---|---|---|
r-devel-linux-x86_64-debian-clang | 1.3.0 | 13.43 | 144.30 | 157.73 | OK | |
r-devel-linux-x86_64-debian-gcc | 1.3.0 | 10.29 | 106.63 | 116.92 | OK | |
r-devel-linux-x86_64-fedora-clang | 1.3.0 | 192.74 | NOTE | |||
r-devel-linux-x86_64-fedora-gcc | 1.3.0 | 187.94 | NOTE | |||
r-devel-windows-x86_64 | 1.3.0 | 68.00 | 192.00 | 260.00 | OK | |
r-patched-linux-x86_64 | 1.3.0 | 13.02 | 136.00 | 149.02 | OK | |
r-release-linux-x86_64 | 1.3.0 | 11.47 | 137.58 | 149.05 | OK | |
r-release-macos-arm64 | 1.3.0 | 46.00 | OK | |||
r-release-macos-x86_64 | 1.3.0 | 73.00 | OK | |||
r-release-windows-x86_64 | 1.3.0 | 87.00 | 201.00 | 288.00 | OK | |
r-oldrel-macos-arm64 | 1.3.0 | 68.00 | OK | |||
r-oldrel-macos-x86_64 | 1.3.0 | 85.00 | OK | |||
r-oldrel-windows-ix86+x86_64 | 1.3.0 | 21.00 | 186.00 | 207.00 | OK |
Version: 1.3.0
Check: package dependencies
Result: NOTE
Suggests orphaned package: ‘bibtex’
Flavors: r-devel-linux-x86_64-fedora-clang, r-devel-linux-x86_64-fedora-gcc