Last updated on 2022-08-15 08:50:06 CEST.
Flavor | Version | Tinstall | Tcheck | Ttotal | Status | Flags |
---|---|---|---|---|---|---|
r-devel-linux-x86_64-debian-clang | 0.1.0 | 20.54 | 142.64 | 163.18 | NOTE | |
r-devel-linux-x86_64-debian-gcc | 0.1.0 | 14.19 | 104.12 | 118.31 | NOTE | |
r-devel-linux-x86_64-fedora-clang | 0.1.0 | 195.46 | NOTE | |||
r-devel-linux-x86_64-fedora-gcc | 0.1.0 | 191.66 | NOTE | |||
r-devel-windows-x86_64 | 0.1.0 | 51.00 | 141.00 | 192.00 | NOTE | |
r-patched-linux-x86_64 | 0.1.0 | 12.11 | 134.75 | 146.86 | NOTE | |
r-release-linux-x86_64 | 0.1.0 | 16.61 | 134.94 | 151.55 | NOTE | |
r-release-macos-arm64 | 0.1.0 | 54.00 | NOTE | |||
r-release-macos-x86_64 | 0.1.0 | 95.00 | NOTE | |||
r-release-windows-x86_64 | 0.1.0 | 56.00 | 150.00 | 206.00 | NOTE | |
r-oldrel-macos-arm64 | 0.1.0 | 81.00 | NOTE | |||
r-oldrel-macos-x86_64 | 0.1.0 | 63.00 | NOTE | |||
r-oldrel-windows-ix86+x86_64 | 0.1.0 | 32.00 | 143.00 | 175.00 | NOTE |
Version: 0.1.0
Check: LazyData
Result: NOTE
'LazyData' is specified without a 'data' directory
Flavors: r-devel-linux-x86_64-debian-clang, r-devel-linux-x86_64-debian-gcc, r-devel-linux-x86_64-fedora-clang, r-devel-linux-x86_64-fedora-gcc, r-devel-windows-x86_64, r-patched-linux-x86_64, r-release-linux-x86_64, r-release-macos-arm64, r-release-macos-x86_64, r-release-windows-x86_64, r-oldrel-macos-arm64, r-oldrel-macos-x86_64, r-oldrel-windows-ix86+x86_64
Version: 0.1.0
Check: dependencies in R code
Result: NOTE
Namespace in Imports field not imported from: ‘rmarkdown’
All declared Imports should be used.
Flavors: r-devel-linux-x86_64-fedora-clang, r-devel-linux-x86_64-fedora-gcc, r-release-macos-arm64, r-release-macos-x86_64, r-oldrel-macos-arm64, r-oldrel-macos-x86_64