Last updated on 2022-08-15 08:50:06 CEST.
Flavor | Version | Tinstall | Tcheck | Ttotal | Status | Flags |
---|---|---|---|---|---|---|
r-devel-linux-x86_64-debian-clang | 3.2 | 14.13 | 154.49 | 168.62 | OK | |
r-devel-linux-x86_64-debian-gcc | 3.2 | 10.54 | 110.73 | 121.27 | OK | |
r-devel-linux-x86_64-fedora-clang | 3.2 | 204.81 | NOTE | |||
r-devel-linux-x86_64-fedora-gcc | 3.2 | 202.39 | OK | |||
r-devel-windows-x86_64 | 3.2 | 34.00 | 167.00 | 201.00 | OK | |
r-patched-linux-x86_64 | 3.2 | 13.44 | 144.74 | 158.18 | OK | |
r-release-linux-x86_64 | 3.2 | 16.13 | 146.49 | 162.62 | OK | |
r-release-macos-arm64 | 3.2 | 48.00 | OK | |||
r-release-macos-x86_64 | 3.2 | 66.00 | OK | |||
r-release-windows-x86_64 | 3.2 | 40.00 | 162.00 | 202.00 | OK | |
r-oldrel-macos-arm64 | 3.2 | 48.00 | OK | |||
r-oldrel-macos-x86_64 | 3.2 | 67.00 | OK | |||
r-oldrel-windows-ix86+x86_64 | 3.2 | 24.00 | 174.00 | 198.00 | OK |
Version: 3.2
Check: Rd cross-references
Result: NOTE
Undeclared package ‘pls’ in Rd xrefs
Flavor: r-devel-linux-x86_64-fedora-clang